CRAN Package Check Results for Package prettymapr

Last updated on 2022-01-25 22:57:06 CET.

Flavor Version Tinstall Tcheck Ttotal Status Flags
r-devel-linux-x86_64-debian-clang 0.2.2 2.22 37.41 39.63 NOTE
r-devel-linux-x86_64-debian-gcc 0.2.2 2.38 29.04 31.42 NOTE
r-devel-linux-x86_64-fedora-clang 0.2.2 50.09 NOTE
r-devel-linux-x86_64-fedora-gcc 0.2.2 38.48 NOTE
r-devel-windows-x86_64-new-UL 0.2.2 87.00 64.00 151.00 NOTE
r-devel-windows-x86_64-new-TK 0.2.2 NOTE
r-patched-linux-x86_64 0.2.2 3.12 35.71 38.83 NOTE
r-release-linux-x86_64 0.2.2 3.12 35.83 38.95 NOTE
r-release-macos-arm64 0.2.2 NOTE
r-release-macos-x86_64 0.2.2 NOTE
r-release-windows-ix86+x86_64 0.2.2 9.00 53.00 62.00 NOTE
r-oldrel-macos-x86_64 0.2.2 OK
r-oldrel-windows-ix86+x86_64 0.2.2 10.00 54.00 64.00 OK

Check Details

Version: 0.2.2
Check: LazyData
Result: NOTE
     'LazyData' is specified without a 'data' directory
Flavors: r-devel-linux-x86_64-debian-clang, r-devel-linux-x86_64-debian-gcc, r-devel-linux-x86_64-fedora-clang, r-devel-linux-x86_64-fedora-gcc, r-devel-windows-x86_64-new-UL, r-devel-windows-x86_64-new-TK, r-patched-linux-x86_64, r-release-linux-x86_64, r-release-macos-arm64, r-release-macos-x86_64, r-release-windows-ix86+x86_64