CRAN Package Check Results for Package prettyunits

Last updated on 2022-05-28 22:55:16 CEST.

Flavor Version Tinstall Tcheck Ttotal Status Flags
r-devel-linux-x86_64-debian-clang 1.1.1 1.81 33.20 35.01 NOTE
r-devel-linux-x86_64-debian-gcc 1.1.1 1.67 26.44 28.11 NOTE
r-devel-linux-x86_64-fedora-clang 1.1.1 43.84 NOTE
r-devel-linux-x86_64-fedora-gcc 1.1.1 32.40 NOTE
r-devel-windows-x86_64 1.1.1 48.00 59.00 107.00 NOTE
r-patched-linux-x86_64 1.1.1 2.21 32.25 34.46 NOTE
r-release-linux-x86_64 1.1.1 2.05 32.52 34.57 NOTE
r-release-macos-arm64 1.1.1 16.00 NOTE
r-release-macos-x86_64 1.1.1 25.00 NOTE
r-release-windows-x86_64 1.1.1 44.00 57.00 101.00 NOTE
r-oldrel-macos-arm64 1.1.1 22.00 NOTE
r-oldrel-macos-x86_64 1.1.1 30.00 NOTE
r-oldrel-windows-ix86+x86_64 1.1.1 6.00 44.00 50.00 NOTE

Check Details

Version: 1.1.1
Check: LazyData
Result: NOTE
     'LazyData' is specified without a 'data' directory
Flavors: r-devel-linux-x86_64-debian-clang, r-devel-linux-x86_64-debian-gcc, r-devel-linux-x86_64-fedora-clang, r-devel-linux-x86_64-fedora-gcc, r-devel-windows-x86_64, r-patched-linux-x86_64, r-release-linux-x86_64, r-release-macos-arm64, r-release-macos-x86_64, r-release-windows-x86_64, r-oldrel-macos-arm64, r-oldrel-macos-x86_64, r-oldrel-windows-ix86+x86_64