CRAN Package Check Results for Package prevtoinc

Last updated on 2022-01-25 22:57:06 CET.

Flavor Version Tinstall Tcheck Ttotal Status Flags
r-devel-linux-x86_64-debian-clang 0.12.0 4.72 92.30 97.02 NOTE
r-devel-linux-x86_64-debian-gcc 0.12.0 3.89 68.30 72.19 NOTE
r-devel-linux-x86_64-fedora-clang 0.12.0 112.84 NOTE
r-devel-linux-x86_64-fedora-gcc 0.12.0 105.48 NOTE
r-devel-windows-x86_64-new-UL 0.12.0 47.00 116.00 163.00 NOTE
r-devel-windows-x86_64-new-TK 0.12.0 NOTE
r-patched-linux-x86_64 0.12.0 4.93 82.57 87.50 NOTE
r-release-linux-x86_64 0.12.0 3.98 82.32 86.30 NOTE
r-release-macos-arm64 0.12.0 NOTE
r-release-macos-x86_64 0.12.0 NOTE
r-release-windows-ix86+x86_64 0.12.0 12.00 102.00 114.00 NOTE
r-oldrel-macos-x86_64 0.12.0 OK
r-oldrel-windows-ix86+x86_64 0.12.0 12.00 102.00 114.00 OK

Check Details

Version: 0.12.0
Check: LazyData
Result: NOTE
     'LazyData' is specified without a 'data' directory
Flavors: r-devel-linux-x86_64-debian-clang, r-devel-linux-x86_64-debian-gcc, r-devel-linux-x86_64-fedora-clang, r-devel-linux-x86_64-fedora-gcc, r-devel-windows-x86_64-new-UL, r-devel-windows-x86_64-new-TK, r-patched-linux-x86_64, r-release-linux-x86_64, r-release-macos-arm64, r-release-macos-x86_64, r-release-windows-ix86+x86_64