CRAN Package Check Results for Package primerTree

Last updated on 2022-01-22 22:52:21 CET.

Flavor Version Tinstall Tcheck Ttotal Status Flags
r-devel-linux-x86_64-debian-clang 1.0.5 9.34 96.81 106.15 OK
r-devel-linux-x86_64-debian-gcc 1.0.5 6.15 71.17 77.32 OK
r-devel-linux-x86_64-fedora-clang 1.0.5 125.99 NOTE
r-devel-linux-x86_64-fedora-gcc 1.0.5 113.26 NOTE
r-devel-windows-x86_64-new-UL 1.0.5 52.00 119.00 171.00 OK
r-devel-windows-x86_64-new-TK 1.0.5 NOTE
r-patched-linux-x86_64 1.0.5 12.34 90.27 102.61 OK
r-release-linux-x86_64 1.0.5 8.62 89.96 98.58 OK
r-release-macos-arm64 1.0.5 NOTE
r-release-macos-x86_64 1.0.5 NOTE
r-release-windows-ix86+x86_64 1.0.5 23.00 148.00 171.00 OK
r-oldrel-macos-x86_64 1.0.5 NOTE
r-oldrel-windows-ix86+x86_64 1.0.5 25.00 147.00 172.00 OK

Check Details

Version: 1.0.5
Check: dependencies in R code
Result: NOTE
    Namespace in Imports field not imported from: ‘RCurl’
     All declared Imports should be used.
Flavors: r-devel-linux-x86_64-fedora-clang, r-devel-linux-x86_64-fedora-gcc, r-devel-windows-x86_64-new-TK, r-release-macos-arm64, r-release-macos-x86_64, r-oldrel-macos-x86_64