CRAN Package Check Results for Package probFDA

Last updated on 2022-01-18 22:47:34 CET.

Flavor Version Tinstall Tcheck Ttotal Status Flags
r-devel-linux-x86_64-debian-clang 1.0.1 2.07 37.26 39.33 NOTE
r-devel-linux-x86_64-debian-gcc 1.0.1 1.94 29.20 31.14 NOTE
r-devel-linux-x86_64-fedora-clang 1.0.1 50.31 NOTE
r-devel-linux-x86_64-fedora-gcc 1.0.1 38.96 NOTE
r-devel-windows-x86_64-new-UL 1.0.1 18.00 55.00 73.00 NOTE
r-devel-windows-x86_64-new-TK 1.0.1 NOTE
r-patched-linux-x86_64 1.0.1 2.04 36.28 38.32 NOTE
r-release-linux-x86_64 1.0.1 NOTE
r-release-macos-arm64 1.0.1 NOTE
r-release-macos-x86_64 1.0.1 NOTE
r-release-windows-ix86+x86_64 1.0.1 6.00 46.00 52.00 NOTE
r-oldrel-macos-x86_64 1.0.1 NOTE
r-oldrel-windows-ix86+x86_64 1.0.1 6.00 47.00 53.00 NOTE

Check Details

Version: 1.0.1
Check: R code for possible problems
Result: NOTE
    .pfda.fstep: no visible global function definition for 'dist'
    .pfda.mstep: no visible global function definition for 'cov'
    Undefined global functions or variables:
     cov dist
    Consider adding
     importFrom("stats", "cov", "dist")
    to your NAMESPACE file.
Flavors: r-devel-linux-x86_64-debian-clang, r-devel-linux-x86_64-debian-gcc, r-devel-linux-x86_64-fedora-clang, r-devel-linux-x86_64-fedora-gcc, r-devel-windows-x86_64-new-UL, r-devel-windows-x86_64-new-TK, r-patched-linux-x86_64, r-release-linux-x86_64, r-release-macos-arm64, r-release-macos-x86_64, r-release-windows-ix86+x86_64, r-oldrel-macos-x86_64, r-oldrel-windows-ix86+x86_64