CRAN Package Check Results for Package processcheckR

Last updated on 2022-05-21 22:58:22 CEST.

Flavor Version Tinstall Tcheck Ttotal Status Flags
r-devel-linux-x86_64-debian-clang 0.1.3 10.39 109.51 119.90 NOTE
r-devel-linux-x86_64-debian-gcc 0.1.3 6.71 80.84 87.55 NOTE
r-devel-linux-x86_64-fedora-clang 0.1.3 137.64 NOTE
r-devel-linux-x86_64-fedora-gcc 0.1.3 129.27 NOTE
r-devel-windows-x86_64 0.1.3 36.00 125.00 161.00 NOTE
r-patched-linux-x86_64 0.1.3 8.97 101.81 110.78 NOTE
r-release-linux-x86_64 0.1.3 9.88 100.18 110.06 NOTE
r-release-macos-arm64 0.1.3 38.00 NOTE
r-release-macos-x86_64 0.1.3 62.00 NOTE
r-release-windows-x86_64 0.1.3 38.00 125.00 163.00 NOTE
r-oldrel-macos-arm64 0.1.3 40.00 NOTE
r-oldrel-macos-x86_64 0.1.3 54.00 NOTE
r-oldrel-windows-ix86+x86_64 0.1.3 23.00 113.00 136.00 NOTE

Check Details

Version: 0.1.3
Check: LazyData
Result: NOTE
     'LazyData' is specified without a 'data' directory
Flavors: r-devel-linux-x86_64-debian-clang, r-devel-linux-x86_64-debian-gcc, r-devel-linux-x86_64-fedora-clang, r-devel-linux-x86_64-fedora-gcc, r-devel-windows-x86_64, r-patched-linux-x86_64, r-release-linux-x86_64, r-release-macos-arm64, r-release-macos-x86_64, r-release-windows-x86_64, r-oldrel-macos-arm64, r-oldrel-macos-x86_64, r-oldrel-windows-ix86+x86_64