CRAN Package Check Results for Package prophet

Last updated on 2021-12-01 22:53:20 CET.

Flavor Version Tinstall Tcheck Ttotal Status Flags
r-devel-linux-x86_64-debian-clang 1.0 125.47 418.76 544.23 NOTE
r-devel-linux-x86_64-debian-gcc 1.0 108.46 338.91 447.37 NOTE
r-devel-linux-x86_64-fedora-clang 1.0 686.93 NOTE
r-devel-linux-x86_64-fedora-gcc 1.0 708.09 NOTE
r-devel-windows-x86_64-new-UL 1.0 169.00 453.00 622.00 NOTE
r-devel-windows-x86_64-new-TK 1.0 NOTE
r-devel-windows-x86_64-old 1.0 163.00 338.00 501.00 NOTE
r-patched-linux-x86_64 1.0 119.55 435.38 554.93 NOTE
r-patched-solaris-x86 1.0 296.20 NOTE --no-tests
r-release-linux-x86_64 1.0 130.44 424.08 554.52 NOTE
r-release-macos-arm64 1.0 NOTE
r-release-macos-x86_64 1.0 NOTE
r-release-windows-ix86+x86_64 1.0 296.00 411.00 707.00 NOTE
r-oldrel-macos-x86_64 1.0 NOTE
r-oldrel-windows-ix86+x86_64 1.0 291.00 434.00 725.00 NOTE

Check Details

Version: 1.0
Check: for GNU extensions in Makefiles
Result: NOTE
    GNU make is a SystemRequirements.
Flavors: r-devel-linux-x86_64-debian-clang, r-devel-linux-x86_64-debian-gcc, r-devel-linux-x86_64-fedora-clang, r-devel-linux-x86_64-fedora-gcc, r-devel-windows-x86_64-new-UL, r-devel-windows-x86_64-new-TK, r-devel-windows-x86_64-old, r-patched-linux-x86_64, r-release-linux-x86_64, r-release-macos-arm64, r-release-macos-x86_64, r-release-windows-ix86+x86_64, r-oldrel-macos-x86_64, r-oldrel-windows-ix86+x86_64

Version: 1.0
Check: installed package size
Result: NOTE
     installed size is 25.8Mb
     sub-directories of 1Mb or more:
     libs 25.1Mb
Flavors: r-devel-linux-x86_64-fedora-clang, r-release-macos-arm64, r-release-macos-x86_64, r-oldrel-macos-x86_64

Version: 1.0
Check: dependencies in R code
Result: NOTE
    Namespaces in Imports field not imported from:
     ‘StanHeaders’ ‘methods’ ‘rstantools’
     All declared Imports should be used.
Flavors: r-devel-linux-x86_64-fedora-clang, r-devel-linux-x86_64-fedora-gcc, r-devel-windows-x86_64-new-TK, r-release-macos-arm64, r-release-macos-x86_64, r-oldrel-macos-x86_64

Version: 1.0
Check: line endings in C/C++/Fortran sources/headers
Result: NOTE
    Found the following sources/headers with CR or CRLF line endings:
     src/RcppExports.cpp
    Some Unix compilers require LF line endings.
Flavor: r-devel-windows-x86_64-new-TK

Version: 1.0
Flags: --no-tests
Check: dependencies in R code
Result: NOTE
    Namespaces in Imports field not imported from:
     ‘StanHeaders’ ‘methods’ ‘rstantools’
     All declared Imports should be used.
Flavor: r-patched-solaris-x86

Version: 1.0
Flags: --no-tests
Check: for GNU extensions in Makefiles
Result: NOTE
    GNU make is a SystemRequirements.
Flavor: r-patched-solaris-x86