CRAN Package Check Results for Package prospectr

Last updated on 2022-05-21 22:58:22 CEST.

Flavor Version Tinstall Tcheck Ttotal Status Flags
r-devel-linux-x86_64-debian-clang 0.2.4 47.58 140.09 187.67 OK
r-devel-linux-x86_64-debian-gcc 0.2.4 36.74 106.20 142.94 OK
r-devel-linux-x86_64-fedora-clang 0.2.4 233.76 OK
r-devel-linux-x86_64-fedora-gcc 0.2.4 223.84 OK
r-devel-windows-x86_64 0.2.4 80.00 188.00 268.00 OK
r-patched-linux-x86_64 0.2.4 41.52 134.90 176.42 OK
r-release-linux-x86_64 0.2.4 40.53 133.86 174.39 OK
r-release-macos-arm64 0.2.4 69.00 NOTE
r-release-macos-x86_64 0.2.4 90.00 NOTE
r-release-windows-x86_64 0.2.4 66.00 192.00 258.00 OK
r-oldrel-macos-arm64 0.2.4 68.00 NOTE
r-oldrel-macos-x86_64 0.2.4 91.00 NOTE
r-oldrel-windows-ix86+x86_64 0.2.4 101.00 251.00 352.00 NOTE

Check Details

Version: 0.2.4
Check: installed package size
Result: NOTE
     installed size is 5.7Mb
     sub-directories of 1Mb or more:
     data 2.1Mb
     libs 2.9Mb
Flavors: r-release-macos-arm64, r-release-macos-x86_64, r-oldrel-macos-arm64, r-oldrel-macos-x86_64, r-oldrel-windows-ix86+x86_64