CRAN Package Check Results for Package proteomics

Last updated on 2022-05-18 21:53:24 CEST.

Flavor Version Tinstall Tcheck Ttotal Status Flags
r-devel-linux-x86_64-debian-clang 0.2 5.87 68.87 74.74 NOTE
r-devel-linux-x86_64-debian-gcc 0.2 5.48 50.74 56.22 NOTE
r-devel-linux-x86_64-fedora-clang 0.2 89.55 NOTE
r-devel-linux-x86_64-fedora-gcc 0.2 85.30 NOTE
r-devel-windows-x86_64 0.2 45.00 84.00 129.00 NOTE
r-patched-linux-x86_64 0.2 6.58 62.50 69.08 NOTE
r-release-linux-x86_64 0.2 6.50 63.17 69.67 NOTE
r-release-macos-arm64 0.2 26.00 NOTE
r-release-macos-x86_64 0.2 47.00 NOTE
r-release-windows-x86_64 0.2 41.00 80.00 121.00 NOTE
r-oldrel-macos-arm64 0.2 29.00 NOTE
r-oldrel-macos-x86_64 0.2 42.00 NOTE
r-oldrel-windows-ix86+x86_64 0.2 17.00 103.00 120.00 NOTE

Check Details

Version: 0.2
Check: R code for possible problems
Result: NOTE
    addIonSatistics: no visible binding for global variable 'median'
    adjustOne: no visible binding for global variable 'median'
    attachModifications: no visible global function definition for
     'na.omit'
    avrgLoadingCalculation: no visible binding for global variable 'median'
    channelResponses : estimate: no visible binding for global variable
     'var'
    responseStatisics : func: no visible global function definition for
     'aggregate'
    testing: no visible global function definition for 'aov'
    testingOneshot: no visible global function definition for 'anova'
    testingTukey: no visible global function definition for 'TukeyHSD'
    Undefined global functions or variables:
     TukeyHSD aggregate anova aov median na.omit var
    Consider adding
     importFrom("stats", "TukeyHSD", "aggregate", "anova", "aov", "median",
     "na.omit", "var")
    to your NAMESPACE file.
Flavors: r-devel-linux-x86_64-debian-clang, r-devel-linux-x86_64-debian-gcc, r-devel-linux-x86_64-fedora-clang, r-devel-linux-x86_64-fedora-gcc, r-devel-windows-x86_64, r-patched-linux-x86_64, r-release-linux-x86_64, r-release-macos-arm64, r-release-macos-x86_64, r-release-windows-x86_64, r-oldrel-macos-arm64, r-oldrel-macos-x86_64, r-oldrel-windows-ix86+x86_64

Version: 0.2
Check: LazyData
Result: NOTE
     'LazyData' is specified without a 'data' directory
Flavors: r-devel-linux-x86_64-debian-clang, r-devel-linux-x86_64-debian-gcc, r-devel-linux-x86_64-fedora-clang, r-devel-linux-x86_64-fedora-gcc, r-devel-windows-x86_64, r-patched-linux-x86_64, r-release-linux-x86_64, r-release-macos-arm64, r-release-macos-x86_64, r-release-windows-x86_64, r-oldrel-macos-arm64, r-oldrel-macos-x86_64, r-oldrel-windows-ix86+x86_64