CRAN Package Check Results for Package provParseR

Last updated on 2022-05-20 22:53:18 CEST.

Flavor Version Tinstall Tcheck Ttotal Status Flags
r-devel-linux-x86_64-debian-clang 0.3 3.83 38.16 41.99 NOTE
r-devel-linux-x86_64-debian-gcc 0.3 2.32 29.33 31.65 NOTE
r-devel-linux-x86_64-fedora-clang 0.3 50.08 NOTE
r-devel-linux-x86_64-fedora-gcc 0.3 49.15 NOTE
r-devel-windows-x86_64 0.3 43.00 53.00 96.00 NOTE
r-patched-linux-x86_64 0.3 2.91 36.39 39.30 NOTE
r-release-linux-x86_64 0.3 2.23 36.75 38.98 NOTE
r-release-macos-arm64 0.3 15.00 NOTE
r-release-macos-x86_64 0.3 25.00 NOTE
r-release-windows-x86_64 0.3 34.00 54.00 88.00 NOTE
r-oldrel-macos-arm64 0.3 19.00 NOTE
r-oldrel-macos-x86_64 0.3 33.00 NOTE
r-oldrel-windows-ix86+x86_64 0.3 8.00 48.00 56.00 NOTE

Check Details

Version: 0.3
Check: LazyData
Result: NOTE
     'LazyData' is specified without a 'data' directory
Flavors: r-devel-linux-x86_64-debian-clang, r-devel-linux-x86_64-debian-gcc, r-devel-linux-x86_64-fedora-clang, r-devel-linux-x86_64-fedora-gcc, r-devel-windows-x86_64, r-patched-linux-x86_64, r-release-linux-x86_64, r-release-macos-arm64, r-release-macos-x86_64, r-release-windows-x86_64, r-oldrel-macos-arm64, r-oldrel-macos-x86_64, r-oldrel-windows-ix86+x86_64