CRAN Package Check Results for Package pspline

Last updated on 2022-01-28 23:00:47 CET.

Flavor Version Tinstall Tcheck Ttotal Status Flags
r-devel-linux-x86_64-debian-clang 1.0-18 2.58 29.74 32.32 NOTE
r-devel-linux-x86_64-debian-gcc 1.0-18 2.88 23.67 26.55 NOTE
r-devel-linux-x86_64-fedora-clang 1.0-18 42.49 NOTE
r-devel-linux-x86_64-fedora-gcc 1.0-18 30.90 NOTE
r-devel-windows-x86_64-new-UL 1.0-18 16.00 55.00 71.00 OK
r-devel-windows-x86_64-new-TK 1.0-18 OK
r-patched-linux-x86_64 1.0-18 2.80 29.04 31.84 NOTE
r-release-linux-x86_64 1.0-18 3.47 28.55 32.02 NOTE
r-release-macos-arm64 1.0-18 OK
r-release-macos-x86_64 1.0-18 OK
r-release-windows-ix86+x86_64 1.0-18 10.00 35.00 45.00 OK
r-oldrel-macos-x86_64 1.0-18 OK
r-oldrel-windows-ix86+x86_64 1.0-18 9.00 33.00 42.00 OK

Check Details

Version: 1.0-18
Check: top-level files
Result: NOTE
    Non-standard file/directory found at top level:
     'orig'
Flavors: r-devel-linux-x86_64-debian-clang, r-devel-linux-x86_64-debian-gcc, r-devel-linux-x86_64-fedora-clang, r-devel-linux-x86_64-fedora-gcc, r-patched-linux-x86_64, r-release-linux-x86_64