CRAN Package Check Results for Package pstest

Last updated on 2022-01-18 22:47:34 CET.

Flavor Version Tinstall Tcheck Ttotal Status Flags
r-devel-linux-x86_64-debian-clang 0.1.3.900 2.52 34.10 36.62 NOTE
r-devel-linux-x86_64-debian-gcc 0.1.3.900 2.15 26.74 28.89 NOTE
r-devel-linux-x86_64-fedora-clang 0.1.3.900 46.04 NOTE
r-devel-linux-x86_64-fedora-gcc 0.1.3.900 34.98 NOTE
r-devel-windows-x86_64-new-UL 0.1.3.900 15.00 50.00 65.00 NOTE
r-devel-windows-x86_64-new-TK 0.1.3.900 NOTE
r-patched-linux-x86_64 0.1.3.900 2.09 32.89 34.98 NOTE
r-release-linux-x86_64 0.1.3.900 NOTE
r-release-macos-arm64 0.1.3.900 NOTE
r-release-macos-x86_64 0.1.3.900 NOTE
r-release-windows-ix86+x86_64 0.1.3.900 6.00 45.00 51.00 NOTE
r-oldrel-macos-x86_64 0.1.3.900 OK
r-oldrel-windows-ix86+x86_64 0.1.3.900 7.00 43.00 50.00 OK

Check Details

Version: 0.1.3.900
Check: LazyData
Result: NOTE
     'LazyData' is specified without a 'data' directory
Flavors: r-devel-linux-x86_64-debian-clang, r-devel-linux-x86_64-debian-gcc, r-devel-linux-x86_64-fedora-clang, r-devel-linux-x86_64-fedora-gcc, r-devel-windows-x86_64-new-UL, r-devel-windows-x86_64-new-TK, r-patched-linux-x86_64, r-release-linux-x86_64, r-release-macos-arm64, r-release-macos-x86_64, r-release-windows-ix86+x86_64