CRAN Package Check Results for Package ptest

Last updated on 2022-01-16 22:51:22 CET.

Flavor Version Tinstall Tcheck Ttotal Status Flags
r-devel-linux-x86_64-debian-clang 1.0-8 16.88 163.80 180.68 OK
r-devel-linux-x86_64-debian-gcc 1.0-8 15.47 121.05 136.52 OK
r-devel-linux-x86_64-fedora-clang 1.0-8 219.34 NOTE
r-devel-linux-x86_64-fedora-gcc 1.0-8 204.17 NOTE
r-devel-windows-x86_64-new-UL 1.0-8 61.00 190.00 251.00 OK
r-devel-windows-x86_64-new-TK 1.0-8 OK
r-patched-linux-x86_64 1.0-8 22.28 151.83 174.11 OK
r-release-linux-x86_64 1.0-8 OK
r-release-macos-arm64 1.0-8 OK
r-release-macos-x86_64 1.0-8 OK
r-release-windows-ix86+x86_64 1.0-8 43.00 241.00 284.00 OK
r-oldrel-macos-x86_64 1.0-8 OK
r-oldrel-windows-ix86+x86_64 1.0-8 43.00 235.00 278.00 OK

Check Details

Version: 1.0-8
Check: compiled code
Result: NOTE
    File ‘ptest/libs/ptest.so’:
     Found no calls to: ‘R_registerRoutines’, ‘R_useDynamicSymbols’
    
    It is good practice to register native routines and to disable symbol
    search.
    
    See ‘Writing portable packages’ in the ‘Writing R Extensions’ manual.
Flavors: r-devel-linux-x86_64-fedora-clang, r-devel-linux-x86_64-fedora-gcc