CRAN Package Check Results for Package pureseqtmr

Last updated on 2023-02-06 00:52:39 CET.

Flavor Version Tinstall Tcheck Ttotal Status Flags
r-devel-linux-x86_64-debian-clang 1.2 2.81 29.88 32.69 NOTE
r-devel-linux-x86_64-debian-gcc 1.2 2.12 23.11 25.23 NOTE
r-devel-linux-x86_64-fedora-clang 1.2 42.75 NOTE
r-devel-linux-x86_64-fedora-gcc 1.2 50.89 NOTE
r-devel-windows-x86_64 1.2 48.00 72.00 120.00 NOTE
r-patched-linux-x86_64 1.2 2.91 29.14 32.05 NOTE
r-release-linux-x86_64 1.2 2.75 29.32 32.07 NOTE
r-release-macos-arm64 1.2 23.00 NOTE
r-release-macos-x86_64 1.2 43.00 NOTE
r-release-windows-x86_64 1.2 27.00 76.00 103.00 NOTE
r-oldrel-macos-arm64 1.2 27.00 NOTE
r-oldrel-macos-x86_64 1.2 29.00 NOTE
r-oldrel-windows-ix86+x86_64 1.2 7.00 60.00 67.00 NOTE

Check Details

Version: 1.2
Check: LazyData
Result: NOTE
     'LazyData' is specified without a 'data' directory
Flavors: r-devel-linux-x86_64-debian-clang, r-devel-linux-x86_64-debian-gcc, r-devel-linux-x86_64-fedora-clang, r-devel-linux-x86_64-fedora-gcc, r-devel-windows-x86_64, r-patched-linux-x86_64, r-release-linux-x86_64, r-release-macos-arm64, r-release-macos-x86_64, r-release-windows-x86_64, r-oldrel-macos-arm64, r-oldrel-macos-x86_64, r-oldrel-windows-ix86+x86_64