CRAN Package Check Results for Package pwt

Last updated on 2021-11-27 22:57:06 CET.

Flavor Version Tinstall Tcheck Ttotal Status Flags
r-devel-linux-x86_64-debian-clang 7.1-1 OK
r-devel-linux-x86_64-debian-gcc 7.1-1 8.11 20.30 28.41 OK
r-devel-linux-x86_64-fedora-clang 7.1-1 52.69 NOTE
r-devel-linux-x86_64-fedora-gcc 7.1-1 42.02 OK
r-devel-windows-x86_64-new-UL 7.1-1 16.00 60.00 76.00 NOTE
r-devel-windows-x86_64-new-TK 7.1-1 OK
r-devel-windows-x86_64-old 7.1-1 13.00 39.00 52.00 NOTE
r-patched-linux-x86_64 7.1-1 8.30 24.28 32.58 OK
r-patched-solaris-x86 7.1-1 70.70 NOTE
r-release-linux-x86_64 7.1-1 OK
r-release-macos-arm64 7.1-1 NOTE
r-release-macos-x86_64 7.1-1 NOTE
r-release-windows-ix86+x86_64 7.1-1 14.00 32.00 46.00 NOTE
r-oldrel-macos-x86_64 7.1-1 NOTE
r-oldrel-windows-ix86+x86_64 7.1-1 11.00 29.00 40.00 NOTE

Check Details

Version: 7.1-1
Check: installed package size
Result: NOTE
     installed size is 7.3Mb
     sub-directories of 1Mb or more:
     data 7.2Mb
Flavors: r-devel-linux-x86_64-fedora-clang, r-devel-windows-x86_64-new-UL, r-devel-windows-x86_64-old, r-patched-solaris-x86, r-release-macos-arm64, r-release-macos-x86_64, r-release-windows-ix86+x86_64, r-oldrel-macos-x86_64, r-oldrel-windows-ix86+x86_64