CRAN Package Check Results for Package qacBase

Last updated on 2024-02-29 22:58:54 CET.

Flavor Version Tinstall Tcheck Ttotal Status Flags
r-devel-linux-x86_64-debian-clang 1.0.3 11.59 159.97 171.56 NOTE
r-devel-linux-x86_64-debian-gcc 1.0.3 9.92 120.37 130.29 NOTE
r-devel-linux-x86_64-fedora-clang 1.0.3 211.79 NOTE
r-devel-linux-x86_64-fedora-gcc 1.0.3 214.38 NOTE
r-devel-windows-x86_64 1.0.3 12.00 135.00 147.00 OK
r-patched-linux-x86_64 1.0.3 19.47 155.17 174.64 OK
r-release-linux-x86_64 1.0.3 7.27 154.84 162.11 OK
r-release-macos-arm64 1.0.3 73.00 OK
r-release-macos-x86_64 1.0.3 116.00 OK
r-release-windows-x86_64 1.0.3 14.00 164.00 178.00 OK
r-oldrel-macos-arm64 1.0.3 55.00 OK
r-oldrel-windows-x86_64 1.0.3 16.00 168.00 184.00 OK

Check Details

Version: 1.0.3
Check: Rd files
Result: NOTE checkRd: (-1) crosstab.Rd:45: Lost braces in \itemize; \value handles \item{}{} directly checkRd: (-1) crosstab.Rd:46: Lost braces in \itemize; \value handles \item{}{} directly checkRd: (-1) crosstab.Rd:47: Lost braces in \itemize; \value handles \item{}{} directly checkRd: (-1) crosstab.Rd:48: Lost braces in \itemize; \value handles \item{}{} directly checkRd: (-1) crosstab.Rd:49: Lost braces in \itemize; \value handles \item{}{} directly checkRd: (-1) crosstab.Rd:50: Lost braces in \itemize; \value handles \item{}{} directly checkRd: (-1) crosstab.Rd:51-52: Lost braces in \itemize; \value handles \item{}{} directly Flavors: r-devel-linux-x86_64-debian-clang, r-devel-linux-x86_64-debian-gcc, r-devel-linux-x86_64-fedora-clang, r-devel-linux-x86_64-fedora-gcc