CRAN Package Check Results for Package qat

Last updated on 2022-01-26 22:55:00 CET.

Flavor Version Tinstall Tcheck Ttotal Status Flags
r-devel-linux-x86_64-debian-clang 0.74 19.44 211.49 230.93 NOTE
r-devel-linux-x86_64-debian-gcc 0.74 12.76 153.11 165.87 NOTE
r-devel-linux-x86_64-fedora-clang 0.74 260.37 NOTE
r-devel-linux-x86_64-fedora-gcc 0.74 255.61 NOTE
r-devel-windows-x86_64-new-UL 0.74 176.00 249.00 425.00 OK
r-devel-windows-x86_64-new-TK 0.74 OK
r-patched-linux-x86_64 0.74 15.20 200.55 215.75 NOTE
r-release-linux-x86_64 0.74 13.56 197.36 210.92 NOTE
r-release-macos-arm64 0.74 OK
r-release-macos-x86_64 0.74 OK
r-release-windows-ix86+x86_64 0.74 32.00 229.00 261.00 OK
r-oldrel-macos-x86_64 0.74 OK
r-oldrel-windows-ix86+x86_64 0.74 33.00 244.00 277.00 OK

Check Details

Version: 0.74
Check: for non-standard things in the check directory
Result: NOTE
    Found the following files/directories:
     'exampleplot_1_blockdist_1.png' 'exampleplot_1_blockdist_2.png'
     'exampleplot_1_blockdist_3.png' 'exampleplot_1_bootdist.png'
     'exampleplot_1_dist.png' 'exampleplot_1_histogramtest_EMD.png'
     'exampleplot_1_roc_dynamic.png' 'exampleplot_1_slidedist_1.png'
     'exampleplot_1_slidedist_2.png' 'exampleplot_1_slidedist_3.png'
     'exampleplot_1_trimmeddist.png' 'exampleplot_blockdist_1.png'
     'exampleplot_blockdist_2.png' 'exampleplot_blockdist_3.png'
     'exampleplot_bootdist.png' 'exampleplot_dist.png'
     'exampleplot_lim_dyn.png' 'exampleplot_lim_sig.png'
     'exampleplot_lim_sta.png' 'exampleplot_noc.png'
     'exampleplot_roc_dyn.png' 'exampleplot_roc_sta.png'
     'exampleplot_slidedist_1.png' 'exampleplot_slidedist_2.png'
     'exampleplot_slidedist_3.png' 'exampleplot_trimmeddist.png'
     'myworkflow_result.xml' 'test_2_roc_dynamic.png' 'test_4_dist.png'
     'test_5_blockdist_1.png' 'test_5_blockdist_2.png'
     'test_5_blockdist_3.png' 'test_6_slidedist_1.png'
     'test_6_slidedist_2.png' 'test_6_slidedist_3.png'
     'test_7_trimmeddist.png' 'test_8_bootdist.png' 'test_emd_1d.png'
     'test_emd_2d.png' 'test_jsd_1d.png' 'test_jsd_2d.png'
     'test_kld_1d.png' 'test_kld_2d.png' 'test_ms_1d.png' 'test_ms_2d.png'
     'test_rms_1d.png' 'test_rms_2d.png'
Flavors: r-devel-linux-x86_64-debian-clang, r-devel-linux-x86_64-debian-gcc, r-devel-linux-x86_64-fedora-clang, r-devel-linux-x86_64-fedora-gcc, r-patched-linux-x86_64, r-release-linux-x86_64