Last updated on 2023-03-29 23:09:12 CEST.
Flavor | Version | Tinstall | Tcheck | Ttotal | Status | Flags |
---|---|---|---|---|---|---|
r-devel-linux-x86_64-debian-clang | 2.4.3 | 40.44 | 289.51 | 329.95 | OK | |
r-devel-linux-x86_64-debian-gcc | 2.4.3 | 35.27 | 211.88 | 247.15 | OK | |
r-devel-linux-x86_64-fedora-clang | 2.4.3 | 417.32 | NOTE | |||
r-devel-linux-x86_64-fedora-gcc | 2.4.3 | 411.05 | OK | |||
r-devel-windows-x86_64 | 2.4.3 | 164.00 | 0.00 | 164.00 | OK | |
r-patched-linux-x86_64 | 2.4.3 | 33.65 | 276.78 | 310.43 | OK | |
r-release-linux-x86_64 | 2.4.3 | 40.65 | 256.66 | 297.31 | OK | |
r-release-macos-arm64 | 2.4.3 | 98.00 | OK | |||
r-release-macos-x86_64 | 2.4.3 | 164.00 | OK | |||
r-release-windows-x86_64 | 2.4.3 | 238.00 | 327.00 | 565.00 | OK | |
r-oldrel-macos-arm64 | 2.4.3 | 148.00 | OK | |||
r-oldrel-macos-x86_64 | 2.4.3 | 202.00 | OK | |||
r-oldrel-windows-ix86+x86_64 | 2.4.3 | 74.00 | 307.00 | 381.00 | OK |
Version: 2.4.3
Check: Rd cross-references
Result: NOTE
Undeclared package ‘gplots’ in Rd xrefs
Flavor: r-devel-linux-x86_64-fedora-clang