CRAN Package Check Results for Package qdap

Last updated on 2021-12-06 21:51:23 CET.

Flavor Version Tinstall Tcheck Ttotal Status Flags
r-devel-linux-x86_64-debian-clang 2.4.3 35.73 269.54 305.27 OK
r-devel-linux-x86_64-debian-gcc 2.4.3 34.18 200.50 234.68 OK
r-devel-linux-x86_64-fedora-clang 2.4.3 371.91 NOTE
r-devel-linux-x86_64-fedora-gcc 2.4.3 362.56 OK
r-devel-windows-x86_64-new-UL 2.4.3 100.00 341.00 441.00 OK
r-devel-windows-x86_64-new-TK 2.4.3 OK
r-devel-windows-x86_64-old 2.4.3 61.00 232.00 293.00 OK
r-patched-linux-x86_64 2.4.3 44.29 249.70 293.99 OK
r-release-linux-x86_64 2.4.3 37.47 259.71 297.18 OK
r-release-macos-arm64 2.4.3 OK
r-release-macos-x86_64 2.4.3 OK
r-release-windows-ix86+x86_64 2.4.3 70.00 295.00 365.00 OK
r-oldrel-macos-x86_64 2.4.3 OK
r-oldrel-windows-ix86+x86_64 2.4.3 71.00 304.00 375.00 OK

Check Details

Version: 2.4.3
Check: Rd cross-references
Result: NOTE
    Undeclared package ‘gplots’ in Rd xrefs
Flavor: r-devel-linux-x86_64-fedora-clang