CRAN Package Check Results for Package qdapDictionaries

Last updated on 2023-05-28 22:00:19 CEST.

Flavor Version Tinstall Tcheck Ttotal Status Flags
r-devel-linux-x86_64-debian-clang 1.0.7 4.09 25.55 29.64 OK
r-devel-linux-x86_64-debian-gcc 1.0.7 3.02 20.31 23.33 OK
r-devel-linux-x86_64-fedora-clang 1.0.7 37.23 NOTE
r-devel-linux-x86_64-fedora-gcc 1.0.7 35.61 OK
r-devel-windows-x86_64 1.0.7 6.00 47.00 53.00 OK
r-patched-linux-x86_64 1.0.7 4.01 24.52 28.53 OK
r-release-linux-x86_64 1.0.7 3.59 24.58 28.17 OK
r-release-macos-arm64 1.0.7 18.00 OK
r-release-macos-x86_64 1.0.7 22.00 OK
r-release-windows-x86_64 1.0.7 4.00 53.00 57.00 OK
r-oldrel-macos-arm64 1.0.7 20.00 OK
r-oldrel-macos-x86_64 1.0.7 25.00 OK
r-oldrel-windows-x86_64 1.0.7 12.00 54.00 66.00 OK

Check Details

Version: 1.0.7
Check: Rd cross-references
Result: NOTE
    Undeclared package ‘qdap’ in Rd xrefs
Flavor: r-devel-linux-x86_64-fedora-clang