CRAN Package Check Results for Package qgam

Last updated on 2022-01-27 23:01:13 CET.

Flavor Version Tinstall Tcheck Ttotal Status Flags
r-devel-linux-x86_64-debian-clang 1.3.4 14.04 423.11 437.15 OK
r-devel-linux-x86_64-debian-gcc 1.3.4 11.58 323.40 334.98 OK
r-devel-linux-x86_64-fedora-clang 1.3.4 511.02 NOTE
r-devel-linux-x86_64-fedora-gcc 1.3.4 512.12 OK
r-devel-windows-x86_64-new-UL 1.3.4 54.00 440.00 494.00 NOTE
r-devel-windows-x86_64-new-TK 1.3.4 OK
r-patched-linux-x86_64 1.3.4 13.30 403.44 416.74 OK
r-release-linux-x86_64 1.3.4 14.70 404.52 419.22 OK
r-release-macos-arm64 1.3.4 NOTE
r-release-macos-x86_64 1.3.4 NOTE
r-release-windows-ix86+x86_64 1.3.4 30.00 660.00 690.00 NOTE
r-oldrel-macos-x86_64 1.3.4 NOTE
r-oldrel-windows-ix86+x86_64 1.3.4 31.00 643.00 674.00 NOTE

Check Details

Version: 1.3.4
Check: installed package size
Result: NOTE
     installed size is 5.9Mb
     sub-directories of 1Mb or more:
     doc 5.2Mb
Flavors: r-devel-linux-x86_64-fedora-clang, r-devel-windows-x86_64-new-UL, r-release-macos-arm64, r-release-macos-x86_64, r-release-windows-ix86+x86_64, r-oldrel-macos-x86_64, r-oldrel-windows-ix86+x86_64