Last updated on 2022-07-04 22:59:20 CEST.
Flavor | Version | Tinstall | Tcheck | Ttotal | Status | Flags |
---|---|---|---|---|---|---|
r-devel-linux-x86_64-debian-clang | 0.0.2 | 153.92 | 30.17 | 184.09 | OK | |
r-devel-linux-x86_64-debian-gcc | 0.0.2 | 124.37 | 22.78 | 147.15 | OK | |
r-devel-linux-x86_64-fedora-clang | 0.0.2 | 329.46 | NOTE | |||
r-devel-linux-x86_64-fedora-gcc | 0.0.2 | 253.46 | OK | |||
r-devel-windows-x86_64 | 0.0.2 | 189.00 | 83.00 | 272.00 | OK | |
r-patched-linux-x86_64 | 0.0.2 | 132.85 | 28.38 | 161.23 | OK | |
r-release-linux-x86_64 | 0.0.2 | 127.22 | 29.63 | 156.85 | OK | |
r-release-macos-arm64 | 0.0.2 | 67.00 | NOTE | |||
r-release-macos-x86_64 | 0.0.2 | 92.00 | NOTE | |||
r-release-windows-x86_64 | 0.0.2 | 176.00 | 89.00 | 265.00 | OK | |
r-oldrel-macos-arm64 | 0.0.2 | 61.00 | NOTE | |||
r-oldrel-macos-x86_64 | 0.0.2 | 94.00 | NOTE | |||
r-oldrel-windows-ix86+x86_64 | 0.0.2 | 412.00 | 67.00 | 479.00 | OK |
Version: 0.0.2
Check: installed package size
Result: NOTE
installed size is 6.8Mb
sub-directories of 1Mb or more:
libs 6.6Mb
Flavors: r-devel-linux-x86_64-fedora-clang, r-release-macos-arm64, r-release-macos-x86_64, r-oldrel-macos-arm64, r-oldrel-macos-x86_64