CRAN Package Check Results for Package qris

Last updated on 2024-02-25 23:02:17 CET.

Flavor Version Tinstall Tcheck Ttotal Status Flags
r-devel-linux-x86_64-debian-clang 1.0.0 89.99 114.93 204.92 NOTE
r-devel-linux-x86_64-debian-gcc 1.0.0 68.96 88.08 157.04 NOTE
r-devel-linux-x86_64-fedora-clang 1.0.0 256.27 NOTE
r-devel-linux-x86_64-fedora-gcc 1.0.0 261.45 NOTE
r-devel-windows-x86_64 1.0.0 67.00 114.00 181.00 NOTE
r-patched-linux-x86_64 1.0.0 88.88 111.90 200.78 NOTE
r-release-linux-x86_64 1.0.0 83.06 114.04 197.10 NOTE
r-release-macos-arm64 1.0.0 72.00 NOTE
r-release-macos-x86_64 1.0.0 120.00 NOTE
r-release-windows-x86_64 1.0.0 88.00 141.00 229.00 NOTE
r-oldrel-macos-arm64 1.0.0 65.00 OK
r-oldrel-windows-x86_64 1.0.0 85.00 135.00 220.00 OK

Check Details

Version: 1.0.0
Check: C++ specification
Result: NOTE Specified C++11: please drop specification unless essential Flavors: r-devel-linux-x86_64-debian-clang, r-devel-linux-x86_64-debian-gcc, r-devel-linux-x86_64-fedora-clang, r-devel-linux-x86_64-fedora-gcc, r-devel-windows-x86_64, r-patched-linux-x86_64, r-release-linux-x86_64, r-release-macos-arm64, r-release-macos-x86_64, r-release-windows-x86_64