CRAN Package Check Results for Package qsort

Last updated on 2022-01-28 23:00:48 CET.

Flavor Version Tinstall Tcheck Ttotal Status Flags
r-devel-linux-x86_64-debian-clang 0.2.3 5.35 65.27 70.62 OK
r-devel-linux-x86_64-debian-gcc 0.2.3 3.97 49.36 53.33 OK
r-devel-linux-x86_64-fedora-clang 0.2.3 77.15 NOTE
r-devel-linux-x86_64-fedora-gcc 0.2.3 67.19 NOTE
r-devel-windows-x86_64-new-UL 0.2.3 193.00 83.00 276.00 OK
r-devel-windows-x86_64-new-TK 0.2.3 NOTE
r-patched-linux-x86_64 0.2.3 3.51 55.99 59.50 OK
r-release-linux-x86_64 0.2.3 3.70 54.83 58.53 OK
r-release-macos-arm64 0.2.3 NOTE
r-release-macos-x86_64 0.2.3 NOTE
r-release-windows-ix86+x86_64 0.2.3 13.00 70.00 83.00 OK
r-oldrel-macos-x86_64 0.2.3 NOTE
r-oldrel-windows-ix86+x86_64 0.2.3 13.00 69.00 82.00 OK

Check Details

Version: 0.2.3
Check: data for non-ASCII characters
Result: NOTE
     Note: found 6 marked UTF-8 strings
Flavors: r-devel-linux-x86_64-fedora-clang, r-devel-linux-x86_64-fedora-gcc, r-devel-windows-x86_64-new-TK, r-release-macos-arm64, r-release-macos-x86_64, r-oldrel-macos-x86_64