CRAN Package Check Results for Package qtlDesign

Last updated on 2021-12-06 21:51:23 CET.

Flavor Version Tinstall Tcheck Ttotal Status Flags
r-devel-linux-x86_64-debian-clang 0.941 2.56 31.98 34.54 NOTE
r-devel-linux-x86_64-debian-gcc 0.941 1.82 25.43 27.25 NOTE
r-devel-linux-x86_64-fedora-clang 0.941 44.08 NOTE
r-devel-linux-x86_64-fedora-gcc 0.941 33.37 NOTE
r-devel-windows-x86_64-new-UL 0.941 8.00 54.00 62.00 NOTE
r-devel-windows-x86_64-new-TK 0.941 NOTE
r-devel-windows-x86_64-old 0.941 5.00 28.00 33.00 NOTE
r-patched-linux-x86_64 0.941 2.75 23.18 25.93 NOTE
r-release-linux-x86_64 0.941 2.51 31.33 33.84 NOTE
r-release-macos-arm64 0.941 NOTE
r-release-macos-x86_64 0.941 NOTE
r-release-windows-ix86+x86_64 0.941 6.00 28.00 34.00 NOTE
r-oldrel-macos-x86_64 0.941 NOTE
r-oldrel-windows-ix86+x86_64 0.941 4.00 26.00 30.00 NOTE

Check Details

Version: 0.941
Check: DESCRIPTION meta-information
Result: NOTE
    Malformed Description field: should contain one or more complete sentences.
Flavors: r-devel-linux-x86_64-debian-clang, r-devel-linux-x86_64-debian-gcc, r-devel-linux-x86_64-fedora-clang, r-devel-linux-x86_64-fedora-gcc, r-devel-windows-x86_64-new-UL, r-devel-windows-x86_64-new-TK, r-devel-windows-x86_64-old, r-patched-linux-x86_64, r-release-linux-x86_64, r-release-macos-arm64, r-release-macos-x86_64, r-release-windows-ix86+x86_64, r-oldrel-macos-x86_64, r-oldrel-windows-ix86+x86_64

Version: 0.941
Check: R code for possible problems
Result: NOTE
    ci.length: no visible global function definition for 'qexp'
    detectable.bc: no visible global function definition for 'uniroot'
    detectable.f2: no visible global function definition for 'uniroot'
    detectable.ri: no visible global function definition for 'uniroot'
    nu: no visible global function definition for 'pnorm'
    nullinfo: no visible global function definition for 'qnorm'
    nullinfo: no visible global function definition for 'dnorm'
    optselection.bc: no visible global function definition for 'optimize'
    optselection.f2: no visible global function definition for 'optimize'
    optspacing.bc: no visible global function definition for 'optim'
    optspacing.bc: no visible global function definition for 'optimize'
    optspacing.f2: no visible global function definition for 'optim'
    optspacing.f2: no visible global function definition for 'optimize'
    powercalc.bc: no visible global function definition for 'pchisq'
    powercalc.f2: no visible global function definition for 'pchisq'
    samplesize.bc: no visible global function definition for 'uniroot'
    samplesize.f2: no visible global function definition for 'uniroot'
    samplesize.ri: no visible global function definition for 'uniroot'
    tailprob: no visible global function definition for 'pchisq'
    thresh: no visible global function definition for 'uniroot'
    Undefined global functions or variables:
     dnorm optim optimize pchisq pnorm qexp qnorm uniroot
    Consider adding
     importFrom("stats", "dnorm", "optim", "optimize", "pchisq", "pnorm",
     "qexp", "qnorm", "uniroot")
    to your NAMESPACE file.
Flavors: r-devel-linux-x86_64-debian-clang, r-devel-linux-x86_64-debian-gcc, r-devel-linux-x86_64-fedora-clang, r-devel-linux-x86_64-fedora-gcc, r-devel-windows-x86_64-new-UL, r-devel-windows-x86_64-new-TK, r-devel-windows-x86_64-old, r-patched-linux-x86_64, r-release-linux-x86_64, r-release-macos-arm64, r-release-macos-x86_64, r-release-windows-ix86+x86_64, r-oldrel-macos-x86_64, r-oldrel-windows-ix86+x86_64

Version: 0.941
Check: Rd cross-references
Result: NOTE
    Undeclared package ‘qtl’ in Rd xrefs
Flavor: r-devel-linux-x86_64-fedora-clang