CRAN Package Check Results for Package quadmesh

Last updated on 2021-11-28 22:51:24 CET.

Flavor Version Tinstall Tcheck Ttotal Status Flags
r-devel-linux-x86_64-debian-clang 0.5.0 OK
r-devel-linux-x86_64-debian-gcc 0.5.0 19.82 203.72 223.54 OK
r-devel-linux-x86_64-fedora-clang 0.5.0 346.81 NOTE
r-devel-linux-x86_64-fedora-gcc 0.5.0 337.93 NOTE
r-devel-windows-x86_64-new-UL 0.5.0 44.00 298.00 342.00 OK
r-devel-windows-x86_64-new-TK 0.5.0 NOTE
r-devel-windows-x86_64-old 0.5.0 33.00 294.00 327.00 OK
r-patched-linux-x86_64 0.5.0 26.23 254.18 280.41 OK
r-patched-solaris-x86 0.5.0 408.90 NOTE
r-release-linux-x86_64 0.5.0 21.33 255.56 276.89 OK
r-release-macos-arm64 0.5.0 NOTE
r-release-macos-x86_64 0.5.0 NOTE
r-release-windows-ix86+x86_64 0.5.0 57.00 210.00 267.00 OK
r-oldrel-macos-x86_64 0.5.0 NOTE
r-oldrel-windows-ix86+x86_64 0.5.0 54.00 299.00 353.00 OK

Check Details

Version: 0.5.0
Check: dependencies in R code
Result: NOTE
    Namespace in Imports field not imported from: ‘viridis’
     All declared Imports should be used.
Flavors: r-devel-linux-x86_64-fedora-clang, r-devel-linux-x86_64-fedora-gcc, r-devel-windows-x86_64-new-TK, r-patched-solaris-x86, r-release-macos-arm64, r-release-macos-x86_64, r-oldrel-macos-x86_64

Version: 0.5.0
Check: Rd cross-references
Result: NOTE
    Undeclared package ‘rgl’ in Rd xrefs
Flavor: r-devel-linux-x86_64-fedora-clang