CRAN Package Check Results for Package quanteda.textstats

Last updated on 2022-01-18 22:47:34 CET.

Flavor Version Tinstall Tcheck Ttotal Status Flags
r-devel-linux-x86_64-debian-clang 0.95 94.55 161.83 256.38 OK
r-devel-linux-x86_64-debian-gcc 0.95 78.09 121.78 199.87 OK
r-devel-linux-x86_64-fedora-clang 0.95 343.73 OK
r-devel-linux-x86_64-fedora-gcc 0.95 319.87 OK
r-devel-windows-x86_64-new-UL 0.95 316.00 199.00 515.00 OK
r-devel-windows-x86_64-new-TK 0.95 OK
r-patched-linux-x86_64 0.95 96.15 155.20 251.35 OK
r-release-linux-x86_64 0.95 OK
r-release-macos-arm64 0.95 NOTE
r-release-macos-x86_64 0.95 OK
r-release-windows-ix86+x86_64 0.95 234.00 317.00 551.00 OK
r-oldrel-macos-x86_64 0.95 OK
r-oldrel-windows-ix86+x86_64 0.95 235.00 326.00 561.00 OK

Check Details

Version: 0.95
Check: installed package size
Result: NOTE
     installed size is 5.6Mb
     sub-directories of 1Mb or more:
     libs 5.1Mb
Flavor: r-release-macos-arm64