CRAN Package Check Results for Package quantmod

Last updated on 2022-01-26 22:55:00 CET.

Flavor Version Tinstall Tcheck Ttotal Status Flags
r-devel-linux-x86_64-debian-clang 0.4.18 18.44 97.92 116.36 NOTE
r-devel-linux-x86_64-debian-gcc 0.4.18 14.55 73.87 88.42 NOTE
r-devel-linux-x86_64-fedora-clang 0.4.18 140.40 OK
r-devel-linux-x86_64-fedora-gcc 0.4.18 128.89 OK
r-devel-windows-x86_64-new-UL 0.4.18 220.00 117.00 337.00 OK
r-devel-windows-x86_64-new-TK 0.4.18 OK
r-patched-linux-x86_64 0.4.18 17.43 97.43 114.86 NOTE
r-release-linux-x86_64 0.4.18 11.70 94.42 106.12 NOTE
r-release-macos-arm64 0.4.18 OK
r-release-macos-x86_64 0.4.18 OK
r-release-windows-ix86+x86_64 0.4.18 30.00 106.00 136.00 OK
r-oldrel-macos-x86_64 0.4.18 OK
r-oldrel-windows-ix86+x86_64 0.4.18 29.00 104.00 133.00 OK

Check Details

Version: 0.4.18
Check: R code for possible problems
Result: NOTE
    Found the following calls to attach():
    File 'quantmod/R/attachSymbols.R':
     attach(NULL, pos = pos, name = DB$name)
     attach(NULL, pos = pos, name = DB$name)
    See section 'Good practice' in '?attach'.
Flavors: r-devel-linux-x86_64-debian-clang, r-devel-linux-x86_64-debian-gcc, r-patched-linux-x86_64, r-release-linux-x86_64