Last updated on 2023-05-29 23:03:53 CEST.
Flavor | Version | Tinstall | Tcheck | Ttotal | Status | Flags |
---|---|---|---|---|---|---|
r-devel-linux-x86_64-debian-clang | 0.1.8 | 45.79 | 401.72 | 447.51 | NOTE | |
r-devel-linux-x86_64-debian-gcc | 0.1.8 | 35.70 | 292.83 | 328.53 | NOTE | |
r-devel-linux-x86_64-fedora-clang | 0.1.8 | 549.10 | NOTE | |||
r-devel-linux-x86_64-fedora-gcc | 0.1.8 | 526.39 | NOTE | |||
r-devel-windows-x86_64 | 0.1.8 | 37.00 | 257.00 | 294.00 | NOTE | |
r-patched-linux-x86_64 | 0.1.8 | 49.74 | 375.93 | 425.67 | NOTE | |
r-release-linux-x86_64 | 0.1.8 | 43.44 | 370.88 | 414.32 | NOTE | |
r-release-macos-arm64 | 0.1.8 | 137.00 | NOTE | |||
r-release-macos-x86_64 | 0.1.8 | 248.00 | NOTE | |||
r-release-windows-x86_64 | 0.1.8 | 49.00 | 350.00 | 399.00 | NOTE | |
r-oldrel-macos-arm64 | 0.1.8 | 120.00 | NOTE | |||
r-oldrel-macos-x86_64 | 0.1.8 | 162.00 | NOTE | |||
r-oldrel-windows-x86_64 | 0.1.8 | 51.00 | 319.00 | 370.00 | NOTE |
Version: 0.1.8
Check: package dependencies
Result: NOTE
Packages suggested but not available for checking: 'fastshp', 'visualTest'
Flavors: r-devel-linux-x86_64-debian-clang, r-devel-linux-x86_64-debian-gcc, r-devel-linux-x86_64-fedora-clang, r-devel-linux-x86_64-fedora-gcc, r-devel-windows-x86_64, r-patched-linux-x86_64, r-release-linux-x86_64, r-release-macos-arm64, r-release-macos-x86_64, r-release-windows-x86_64, r-oldrel-macos-arm64, r-oldrel-macos-x86_64, r-oldrel-windows-x86_64