CRAN Package Check Results for Package qwraps2

Last updated on 2024-02-29 22:58:54 CET.

Flavor Version Tinstall Tcheck Ttotal Status Flags
r-devel-linux-x86_64-debian-clang 0.6.0 41.29 206.99 248.28 OK
r-devel-linux-x86_64-debian-gcc 0.6.0 31.35 154.78 186.13 OK
r-devel-linux-x86_64-fedora-clang 0.6.0 316.51 NOTE
r-devel-linux-x86_64-fedora-gcc 0.6.0 338.68 OK
r-devel-windows-x86_64 0.6.0 35.00 196.00 231.00 OK
r-patched-linux-x86_64 0.6.0 41.29 200.01 241.30 OK
r-release-linux-x86_64 0.6.0 36.07 200.20 236.27 OK
r-release-macos-arm64 0.6.0 89.00 OK
r-release-macos-x86_64 0.6.0 238.00 OK
r-release-windows-x86_64 0.6.0 47.00 245.00 292.00 OK
r-oldrel-macos-arm64 0.6.0 96.00 OK
r-oldrel-windows-x86_64 0.6.0 44.00 234.00 278.00 OK

Check Details

Version: 0.6.0
Check: Rd cross-references
Result: NOTE Undeclared packages ‘Hmisc’, ‘htmlTable’ in Rd xrefs Flavor: r-devel-linux-x86_64-fedora-clang