CRAN Package Check Results for Package r3PG

Last updated on 2024-03-03 22:59:00 CET.

Flavor Version Tinstall Tcheck Ttotal Status Flags
r-devel-linux-x86_64-debian-clang 0.1.6 40.53 33.45 73.98 OK
r-devel-linux-x86_64-debian-gcc 0.1.6 41.70 25.32 67.02 OK
r-devel-linux-x86_64-fedora-clang 0.1.6 86.82 NOTE
r-devel-linux-x86_64-fedora-gcc 0.1.6 126.57 OK
r-devel-windows-x86_64 0.1.6 28.00 57.00 85.00 OK
r-patched-linux-x86_64 0.1.6 50.00 32.60 82.60 OK
r-release-linux-x86_64 0.1.6 50.38 32.49 82.87 OK
r-release-macos-arm64 0.1.6 44.00 OK
r-release-macos-x86_64 0.1.6 122.00 OK
r-release-windows-x86_64 0.1.6 30.00 58.00 88.00 OK
r-oldrel-macos-arm64 0.1.6 48.00 OK
r-oldrel-windows-x86_64 0.1.6 31.00 57.00 88.00 OK

Check Details

Version: 0.1.6
Check: installed package size
Result: NOTE installed size is 5.4Mb sub-directories of 1Mb or more: libs 4.6Mb Flavor: r-devel-linux-x86_64-fedora-clang