CRAN Package Check Results for Package rCMA

Last updated on 2021-12-08 22:57:46 CET.

Flavor Version Tinstall Tcheck Ttotal Status Flags
r-devel-linux-x86_64-debian-clang 1.1 2.00 36.47 38.47 NOTE
r-devel-linux-x86_64-debian-gcc 1.1 1.63 29.22 30.85 NOTE
r-devel-linux-x86_64-fedora-clang 1.1 47.27 NOTE
r-devel-linux-x86_64-fedora-gcc 1.1 37.59 NOTE
r-devel-windows-x86_64-new-UL 1.1 6.00 64.00 70.00 NOTE
r-devel-windows-x86_64-new-TK 1.1 NOTE
r-devel-windows-x86_64-old 1.1 4.00 38.00 42.00 NOTE
r-patched-linux-x86_64 1.1 2.37 35.03 37.40 NOTE
r-release-linux-x86_64 1.1 2.20 34.99 37.19 NOTE
r-release-macos-arm64 1.1 NOTE
r-release-macos-x86_64 1.1 NOTE
r-release-windows-ix86+x86_64 1.1 4.00 40.00 44.00 NOTE
r-oldrel-macos-x86_64 1.1 NOTE
r-oldrel-windows-ix86+x86_64 1.1 3.00 44.00 47.00 NOTE

Check Details

Version: 1.1
Check: R code for possible problems
Result: NOTE
    cmaOptimDP: no visible global function definition for 'flush.console'
    Undefined global functions or variables:
     flush.console
    Consider adding
     importFrom("utils", "flush.console")
    to your NAMESPACE file.
Flavors: r-devel-linux-x86_64-debian-clang, r-devel-linux-x86_64-debian-gcc, r-devel-linux-x86_64-fedora-clang, r-devel-linux-x86_64-fedora-gcc, r-devel-windows-x86_64-new-UL, r-devel-windows-x86_64-new-TK, r-devel-windows-x86_64-old, r-patched-linux-x86_64, r-release-linux-x86_64, r-release-macos-arm64, r-release-macos-x86_64, r-release-windows-ix86+x86_64, r-oldrel-macos-x86_64, r-oldrel-windows-ix86+x86_64

Version: 1.1
Check: for non-standard things in the check directory
Result: NOTE
    Found the following files/directories:
     'outcmaesdisp.dat'
Flavors: r-devel-linux-x86_64-debian-clang, r-devel-linux-x86_64-debian-gcc, r-devel-linux-x86_64-fedora-clang, r-devel-linux-x86_64-fedora-gcc, r-patched-linux-x86_64, r-release-linux-x86_64