CRAN Package Check Results for Package rKOMICS

Last updated on 2022-01-22 22:52:23 CET.

Flavor Version Tinstall Tcheck Ttotal Status Flags
r-devel-linux-x86_64-debian-clang 1.1 18.34 226.69 245.03 OK
r-devel-linux-x86_64-debian-gcc 1.1 14.24 164.28 178.52 OK
r-devel-linux-x86_64-fedora-clang 1.1 284.34 NOTE
r-devel-linux-x86_64-fedora-gcc 1.1 270.63 OK
r-devel-windows-x86_64-new-UL 1.1 132.00 283.00 415.00 NOTE
r-devel-windows-x86_64-new-TK 1.1 ERROR
r-patched-linux-x86_64 1.1 17.38 212.90 230.28 OK
r-release-linux-x86_64 1.1 16.68 212.02 228.70 OK
r-release-macos-arm64 1.1 NOTE
r-release-macos-x86_64 1.1 NOTE
r-release-windows-ix86+x86_64 1.1 66.00 263.00 329.00 NOTE
r-oldrel-macos-x86_64 1.1 NOTE
r-oldrel-windows-ix86+x86_64 1.1 53.00 261.00 314.00 NOTE

Check Details

Version: 1.1
Check: installed package size
Result: NOTE
     installed size is 24.8Mb
     sub-directories of 1Mb or more:
     extdata 24.0Mb
Flavors: r-devel-linux-x86_64-fedora-clang, r-devel-windows-x86_64-new-UL, r-release-macos-arm64, r-release-macos-x86_64, r-release-windows-ix86+x86_64, r-oldrel-macos-x86_64, r-oldrel-windows-ix86+x86_64

Version: 1.1
Check: package dependencies
Result: ERROR
    Packages required but not available: 'factoextra', 'FactoMineR', 'ggpubr'
    
    See section 'The DESCRIPTION file' in the 'Writing R Extensions'
    manual.
Flavor: r-devel-windows-x86_64-new-TK