CRAN Package Check Results for Package rMisbeta

Last updated on 2022-01-18 22:47:36 CET.

Flavor Version Tinstall Tcheck Ttotal Status Flags
r-devel-linux-x86_64-debian-clang 1.0 2.61 54.72 57.33 OK
r-devel-linux-x86_64-debian-gcc 1.0 2.12 40.51 42.63 OK
r-devel-linux-x86_64-fedora-clang 1.0 68.01 OK
r-devel-linux-x86_64-fedora-gcc 1.0 56.13 OK
r-devel-windows-x86_64-new-UL 1.0 22.00 80.00 102.00 OK
r-devel-windows-x86_64-new-TK 1.0 OK
r-patched-linux-x86_64 1.0 2.20 51.30 53.50 OK
r-release-linux-x86_64 1.0 OK
r-release-macos-arm64 1.0 OK
r-release-macos-x86_64 1.0 OK
r-release-windows-ix86+x86_64 1.0 10.00 70.00 80.00 OK
r-oldrel-macos-x86_64 1.0 ERROR
r-oldrel-windows-ix86+x86_64 1.0 6.00 69.00 75.00 OK

Check Details

Version: 1.0
Check: package dependencies
Result: ERROR
    Package required but not available: ‘ROC’
    
    See section ‘The DESCRIPTION file’ in the ‘Writing R Extensions’
    manual.
Flavor: r-oldrel-macos-x86_64