CRAN Package Check Results for Package rNeighborQTL

Last updated on 2022-01-23 22:49:53 CET.

Flavor Version Tinstall Tcheck Ttotal Status Flags
r-devel-linux-x86_64-debian-clang 1.1.2 9.76 151.30 161.06 OK
r-devel-linux-x86_64-debian-gcc 1.1.2 7.81 125.32 133.13 OK
r-devel-linux-x86_64-fedora-clang 1.1.2 191.00 NOTE
r-devel-linux-x86_64-fedora-gcc 1.1.2 177.76 NOTE
r-devel-windows-x86_64-new-UL 1.1.2 80.00 187.00 267.00 OK
r-devel-windows-x86_64-new-TK 1.1.2 NOTE
r-patched-linux-x86_64 1.1.2 7.03 144.01 151.04 OK
r-release-linux-x86_64 1.1.2 7.13 143.09 150.22 OK
r-release-macos-arm64 1.1.2 NOTE
r-release-macos-x86_64 1.1.2 NOTE
r-release-windows-ix86+x86_64 1.1.2 18.00 173.00 191.00 OK
r-oldrel-macos-x86_64 1.1.2 NOTE
r-oldrel-windows-ix86+x86_64 1.1.2 18.00 174.00 192.00 OK

Check Details

Version: 1.1.2
Check: dependencies in R code
Result: NOTE
    Namespace in Imports field not imported from: ‘qtl’
     All declared Imports should be used.
Flavors: r-devel-linux-x86_64-fedora-clang, r-devel-linux-x86_64-fedora-gcc, r-devel-windows-x86_64-new-TK, r-release-macos-arm64, r-release-macos-x86_64, r-oldrel-macos-x86_64