CRAN Package Check Results for Package rODE

Last updated on 2021-11-28 22:51:26 CET.

Flavor Version Tinstall Tcheck Ttotal Status Flags
r-devel-linux-x86_64-debian-clang 0.99.6 NOTE
r-devel-linux-x86_64-debian-gcc 0.99.6 4.05 76.53 80.58 NOTE
r-devel-linux-x86_64-fedora-clang 0.99.6 138.53 NOTE
r-devel-linux-x86_64-fedora-gcc 0.99.6 124.58 NOTE
r-devel-windows-x86_64-new-UL 0.99.6 24.00 177.00 201.00 NOTE
r-devel-windows-x86_64-new-TK 0.99.6 NOTE
r-devel-windows-x86_64-old 0.99.6 8.00 148.00 156.00 NOTE
r-patched-linux-x86_64 0.99.6 5.46 105.30 110.76 NOTE
r-patched-solaris-x86 0.99.6 123.90 NOTE
r-release-linux-x86_64 0.99.6 5.49 105.76 111.25 NOTE
r-release-macos-arm64 0.99.6 NOTE
r-release-macos-x86_64 0.99.6 NOTE
r-release-windows-ix86+x86_64 0.99.6 12.00 107.00 119.00 NOTE
r-oldrel-macos-x86_64 0.99.6 NOTE
r-oldrel-windows-ix86+x86_64 0.99.6 8.00 152.00 160.00 OK

Check Details

Version: 0.99.6
Check: LazyData
Result: NOTE
     'LazyData' is specified without a 'data' directory
Flavors: r-devel-linux-x86_64-debian-clang, r-devel-linux-x86_64-debian-gcc, r-devel-linux-x86_64-fedora-clang, r-devel-linux-x86_64-fedora-gcc, r-devel-windows-x86_64-new-UL, r-devel-windows-x86_64-new-TK, r-devel-windows-x86_64-old, r-patched-linux-x86_64, r-patched-solaris-x86, r-release-linux-x86_64, r-release-macos-arm64, r-release-macos-x86_64, r-release-windows-ix86+x86_64

Version: 0.99.6
Check: dependencies in R code
Result: NOTE
    Namespace in Imports field not imported from: ‘data.table’
     All declared Imports should be used.
Flavors: r-devel-linux-x86_64-fedora-clang, r-devel-linux-x86_64-fedora-gcc, r-devel-windows-x86_64-new-TK, r-patched-solaris-x86, r-release-macos-arm64, r-release-macos-x86_64, r-oldrel-macos-x86_64