CRAN Package Check Results for Package rSEA

Last updated on 2022-01-17 22:54:50 CET.

Flavor Version Tinstall Tcheck Ttotal Status Flags
r-devel-linux-x86_64-debian-clang 2.1.1 5.02 64.37 69.39 NOTE
r-devel-linux-x86_64-debian-gcc 2.1.1 4.27 48.61 52.88 NOTE
r-devel-linux-x86_64-fedora-clang 2.1.1 84.45 NOTE
r-devel-linux-x86_64-fedora-gcc 2.1.1 71.71 NOTE
r-devel-windows-x86_64-new-UL 2.1.1 21.00 93.00 114.00 NOTE
r-devel-windows-x86_64-new-TK 2.1.1 NOTE
r-patched-linux-x86_64 2.1.1 4.90 59.42 64.32 NOTE
r-release-linux-x86_64 2.1.1 NOTE
r-release-macos-arm64 2.1.1 NOTE
r-release-macos-x86_64 2.1.1 NOTE
r-release-windows-ix86+x86_64 2.1.1 14.00 76.00 90.00 NOTE
r-oldrel-macos-x86_64 2.1.1 OK
r-oldrel-windows-ix86+x86_64 2.1.1 14.00 82.00 96.00 OK

Check Details

Version: 2.1.1
Check: LazyData
Result: NOTE
     'LazyData' is specified without a 'data' directory
Flavors: r-devel-linux-x86_64-debian-clang, r-devel-linux-x86_64-debian-gcc, r-devel-linux-x86_64-fedora-clang, r-devel-linux-x86_64-fedora-gcc, r-devel-windows-x86_64-new-UL, r-devel-windows-x86_64-new-TK, r-patched-linux-x86_64, r-release-linux-x86_64, r-release-macos-arm64, r-release-macos-x86_64, r-release-windows-ix86+x86_64