CRAN Package Check Results for Package rTLS

Last updated on 2022-05-28 22:55:18 CEST.

Flavor Version Tinstall Tcheck Ttotal Status Flags
r-devel-linux-x86_64-debian-clang 0.2.5.2 162.13 172.47 334.60 WARN
r-devel-linux-x86_64-debian-gcc 0.2.5.2 127.76 136.87 264.63 OK
r-devel-linux-x86_64-fedora-clang 0.2.5.2 467.34 WARN
r-devel-linux-x86_64-fedora-gcc 0.2.5.2 400.45 NOTE
r-devel-windows-x86_64 0.2.5.2 138.00 211.00 349.00 NOTE
r-patched-linux-x86_64 0.2.5.2 147.05 162.32 309.37 OK
r-release-linux-x86_64 0.2.5.2 144.89 164.78 309.67 OK
r-release-macos-arm64 0.2.5.2 106.00 NOTE
r-release-macos-x86_64 0.2.5.2 162.00 NOTE
r-release-windows-x86_64 0.2.5.2 136.00 221.00 357.00 NOTE
r-oldrel-macos-arm64 0.2.5.2 97.00 NOTE
r-oldrel-macos-x86_64 0.2.5.2 139.00 NOTE
r-oldrel-windows-ix86+x86_64 0.2.5.2 396.00 296.00 692.00 NOTE

Additional issues

clang14

Check Details

Version: 0.2.5.2
Check: whether package can be installed
Result: WARN
    Found the following significant warnings:
     line_AABB_rcpp.cpp:59:6: warning: use of bitwise '&' with boolean operands [-Wbitwise-instead-of-logical]
     line_AABB_rcpp.cpp:60:8: warning: use of bitwise '&' with boolean operands [-Wbitwise-instead-of-logical]
     line_AABB_rcpp.cpp:61:10: warning: use of bitwise '&' with boolean operands [-Wbitwise-instead-of-logical]
     line_AABB_rcpp.cpp:70:6: warning: use of bitwise '&' with boolean operands [-Wbitwise-instead-of-logical]
     line_AABB_rcpp.cpp:71:8: warning: use of bitwise '&' with boolean operands [-Wbitwise-instead-of-logical]
     line_AABB_rcpp.cpp:72:10: warning: use of bitwise '&' with boolean operands [-Wbitwise-instead-of-logical]
Flavors: r-devel-linux-x86_64-debian-clang, r-devel-linux-x86_64-fedora-clang

Version: 0.2.5.2
Check: installed package size
Result: NOTE
     installed size is 7.8Mb
     sub-directories of 1Mb or more:
     data 3.4Mb
     extdata 1.4Mb
     libs 2.7Mb
Flavors: r-devel-linux-x86_64-fedora-clang, r-devel-windows-x86_64, r-release-macos-arm64, r-release-macos-x86_64, r-release-windows-x86_64, r-oldrel-macos-arm64, r-oldrel-macos-x86_64, r-oldrel-windows-ix86+x86_64

Version: 0.2.5.2
Check: dependencies in R code
Result: NOTE
    Namespaces in Imports field not imported from:
     ‘Rcpp’ ‘RcppProgress’
     All declared Imports should be used.
Flavors: r-devel-linux-x86_64-fedora-clang, r-devel-linux-x86_64-fedora-gcc, r-release-macos-arm64, r-release-macos-x86_64, r-oldrel-macos-arm64, r-oldrel-macos-x86_64