CRAN Package Check Results for Package rWBclimate

Last updated on 2022-01-25 22:57:09 CET.

Flavor Version Tinstall Tcheck Ttotal Status Flags
r-devel-linux-x86_64-debian-clang 0.1.3 6.68 81.59 88.27 NOTE
r-devel-linux-x86_64-debian-gcc 0.1.3 6.48 61.06 67.54 NOTE
r-devel-linux-x86_64-fedora-clang 0.1.3 104.97 NOTE
r-devel-linux-x86_64-fedora-gcc 0.1.3 94.51 NOTE
r-devel-windows-x86_64-new-UL 0.1.3 71.00 110.00 181.00 NOTE
r-devel-windows-x86_64-new-TK 0.1.3 NOTE
r-patched-linux-x86_64 0.1.3 6.33 71.87 78.20 NOTE
r-release-linux-x86_64 0.1.3 6.84 71.85 78.69 NOTE
r-release-macos-arm64 0.1.3 NOTE
r-release-macos-x86_64 0.1.3 NOTE
r-release-windows-ix86+x86_64 0.1.3 18.00 87.00 105.00 NOTE
r-oldrel-macos-x86_64 0.1.3 NOTE
r-oldrel-windows-ix86+x86_64 0.1.3 18.00 88.00 106.00 NOTE

Check Details

Version: 0.1.3
Check: R code for possible problems
Result: NOTE
    check_ISO_code: no visible binding for global variable 'NoAm_country'
    check_ISO_code: no visible binding for global variable 'SoAm_country'
    check_ISO_code: no visible binding for global variable 'Oceana_country'
    check_ISO_code: no visible binding for global variable 'Africa_country'
    check_ISO_code: no visible binding for global variable 'Asia_country'
    check_ISO_code: no visible binding for global variable 'Eur_country'
    climate_map: no visible binding for global variable 'data'
    date_correct: no visible global function definition for 'tail'
    Undefined global functions or variables:
     Africa_country Asia_country Eur_country NoAm_country Oceana_country
     SoAm_country data tail
    Consider adding
     importFrom("utils", "data", "tail")
    to your NAMESPACE file.
Flavors: r-devel-linux-x86_64-debian-clang, r-devel-linux-x86_64-debian-gcc, r-devel-linux-x86_64-fedora-clang, r-devel-linux-x86_64-fedora-gcc, r-devel-windows-x86_64-new-UL, r-devel-windows-x86_64-new-TK, r-patched-linux-x86_64, r-release-linux-x86_64, r-release-macos-arm64, r-release-macos-x86_64, r-release-windows-ix86+x86_64, r-oldrel-macos-x86_64, r-oldrel-windows-ix86+x86_64