CRAN Package Check Results for Package radiant.design

Last updated on 2022-01-27 23:01:14 CET.

Flavor Version Tinstall Tcheck Ttotal Status Flags
r-devel-linux-x86_64-debian-clang 1.4.1 12.70 109.29 121.99 OK
r-devel-linux-x86_64-debian-gcc 1.4.1 9.98 82.12 92.10 OK
r-devel-linux-x86_64-fedora-clang 1.4.1 146.67 OK
r-devel-linux-x86_64-fedora-gcc 1.4.1 132.53 OK
r-devel-windows-x86_64-new-UL 1.4.1 101.00 131.00 232.00 OK
r-devel-windows-x86_64-new-TK 1.4.1 ERROR
r-patched-linux-x86_64 1.4.1 10.43 99.73 110.16 OK
r-release-linux-x86_64 1.4.1 9.82 99.27 109.09 OK
r-release-macos-arm64 1.4.1 OK
r-release-macos-x86_64 1.4.1 OK
r-release-windows-ix86+x86_64 1.4.1 29.00 128.00 157.00 OK
r-oldrel-macos-x86_64 1.4.1 OK
r-oldrel-windows-ix86+x86_64 1.4.1 29.00 127.00 156.00 OK

Check Details

Version: 1.4.1
Check: package dependencies
Result: ERROR
    Package required but not available: 'radiant.data'
    
    See section 'The DESCRIPTION file' in the 'Writing R Extensions'
    manual.
Flavor: r-devel-windows-x86_64-new-TK