CRAN Package Check Results for Package radiant.model

Last updated on 2024-02-23 23:10:15 CET.

Flavor Version Tinstall Tcheck Ttotal Status Flags
r-devel-linux-x86_64-debian-clang 1.6.3 ERROR
r-devel-linux-x86_64-debian-gcc 1.6.3 26.63 176.55 203.18 OK
r-devel-linux-x86_64-fedora-clang 1.6.3 355.75 NOTE
r-devel-linux-x86_64-fedora-gcc 1.6.3 324.00 OK
r-devel-windows-x86_64 1.6.3 29.00 207.00 236.00 OK
r-patched-linux-x86_64 1.6.3 35.72 230.59 266.31 OK
r-release-linux-x86_64 1.6.3 31.62 226.86 258.48 OK
r-release-macos-arm64 1.6.3 56.00 OK
r-release-macos-x86_64 1.6.3 90.00 OK
r-release-windows-x86_64 1.6.3 39.00 254.00 293.00 OK
r-oldrel-macos-arm64 1.6.3 82.00 OK
r-oldrel-windows-x86_64 1.6.3 42.00 248.00 290.00 OK

Check Details

Version: 1.6.3
Check: package dependencies
Result: ERROR Packages required but not available: 'radiant.data', 'radiant.basics' See section ‘The DESCRIPTION file’ in the ‘Writing R Extensions’ manual. Flavor: r-devel-linux-x86_64-debian-clang

Version: 1.6.3
Check: package dependencies
Result: NOTE Imports includes 30 non-default packages. Importing from so many packages makes the package vulnerable to any of them becoming unavailable. Move as many as possible to Suggests and use conditionally. Flavor: r-devel-linux-x86_64-fedora-clang