Last updated on 2023-01-28 22:55:23 CET.
Flavor | Version | Tinstall | Tcheck | Ttotal | Status | Flags |
---|---|---|---|---|---|---|
r-devel-linux-x86_64-debian-clang | 1.5.0 | 28.01 | 250.58 | 278.59 | OK | |
r-devel-linux-x86_64-debian-gcc | 1.5.0 | 25.86 | 201.45 | 227.31 | OK | |
r-devel-linux-x86_64-fedora-clang | 1.5.0 | 337.61 | NOTE | |||
r-devel-linux-x86_64-fedora-gcc | 1.5.0 | 333.05 | OK | |||
r-patched-linux-x86_64 | 1.5.0 | 34.82 | 246.62 | 281.44 | OK | |
r-release-linux-x86_64 | 1.5.0 | 30.45 | 240.96 | 271.41 | OK | |
r-release-macos-arm64 | 1.5.0 | 65.00 | OK | |||
r-release-macos-x86_64 | 1.5.0 | 109.00 | OK | |||
r-release-windows-x86_64 | 1.5.0 | 159.00 | 307.00 | 466.00 | OK | |
r-oldrel-macos-arm64 | 1.5.0 | 81.00 | OK | |||
r-oldrel-macos-x86_64 | 1.5.0 | 108.00 | OK | |||
r-oldrel-windows-ix86+x86_64 | 1.5.0 | 62.00 | 276.00 | 338.00 | OK |
Version: 1.5.0
Check: package dependencies
Result: NOTE
Imports includes 28 non-default packages.
Importing from so many packages makes the package vulnerable to any of
them becoming unavailable. Move as many as possible to Suggests and
use conditionally.
Flavor: r-devel-linux-x86_64-fedora-clang