Last updated on 2023-02-08 23:15:25 CET.
Flavor | Version | Tinstall | Tcheck | Ttotal | Status | Flags |
---|---|---|---|---|---|---|
r-devel-linux-x86_64-debian-clang | 0.2.0 | 3.94 | 46.80 | 50.74 | OK | |
r-devel-linux-x86_64-debian-gcc | 0.2.0 | 2.73 | 32.58 | 35.31 | OK | |
r-devel-linux-x86_64-fedora-clang | 0.2.0 | 59.14 | NOTE | |||
r-devel-linux-x86_64-fedora-gcc | 0.2.0 | 54.19 | NOTE | |||
r-devel-windows-x86_64 | 0.2.0 | 6.00 | 77.00 | 83.00 | OK | |
r-patched-linux-x86_64 | 0.2.0 | 3.08 | 41.88 | 44.96 | OK | |
r-release-linux-x86_64 | 0.2.0 | 3.32 | 40.14 | 43.46 | OK | |
r-release-macos-arm64 | 0.2.0 | 20.00 | NOTE | |||
r-release-macos-x86_64 | 0.2.0 | 35.00 | NOTE | |||
r-release-windows-x86_64 | 0.2.0 | 11.00 | 79.00 | 90.00 | OK | |
r-oldrel-macos-arm64 | 0.2.0 | 29.00 | NOTE | |||
r-oldrel-macos-x86_64 | 0.2.0 | 36.00 | NOTE | |||
r-oldrel-windows-ix86+x86_64 | 0.2.0 | 10.00 | 67.00 | 77.00 | OK |
Version: 0.2.0
Check: data for non-ASCII characters
Result: NOTE
Note: found 3 marked UTF-8 strings
Flavors: r-devel-linux-x86_64-fedora-clang, r-devel-linux-x86_64-fedora-gcc, r-release-macos-arm64, r-release-macos-x86_64, r-oldrel-macos-arm64, r-oldrel-macos-x86_64