CRAN Package Check Results for Package rainbow

Last updated on 2021-12-02 22:56:03 CET.

Flavor Version Tinstall Tcheck Ttotal Status Flags
r-devel-linux-x86_64-debian-clang 3.6 10.01 121.68 131.69 OK
r-devel-linux-x86_64-debian-gcc 3.6 10.21 0.02 10.23 FAIL
r-devel-linux-x86_64-fedora-clang 3.6 356.10 WARN
r-devel-linux-x86_64-fedora-gcc 3.6 1920.35 WARN
r-devel-windows-x86_64-new-UL 3.6 23.00 203.00 226.00 OK
r-devel-windows-x86_64-new-TK 3.6 OK
r-devel-windows-x86_64-old 3.6 18.00 133.00 151.00 OK
r-patched-linux-x86_64 3.6 10.51 119.35 129.86 OK
r-patched-solaris-x86 3.6 297.00 OK
r-release-linux-x86_64 3.6 12.09 118.69 130.78 OK
r-release-macos-arm64 3.6 OK
r-release-macos-x86_64 3.6 OK
r-release-windows-ix86+x86_64 3.6 23.00 159.00 182.00 OK
r-oldrel-macos-x86_64 3.6 OK
r-oldrel-windows-ix86+x86_64 3.6 23.00 159.00 182.00 OK

Check Details

Version: 3.6
Check: re-building of vignette outputs
Result: FAIL
Flavor: r-devel-linux-x86_64-debian-gcc

Version: 3.6
Check: re-building of vignette outputs
Result: WARN
    Error(s) in re-building vignettes:
    --- re-building ‘rainbow.Rnw’ using Sweave
    Loading required package: MASS
    Loading required package: pcaPP
Flavors: r-devel-linux-x86_64-fedora-clang, r-devel-linux-x86_64-fedora-gcc