CRAN Package Check Results for Package ramlegacy

Last updated on 2022-05-27 22:52:03 CEST.

Flavor Version Tinstall Tcheck Ttotal Status Flags
r-devel-linux-x86_64-debian-clang 0.2.0 2.06 41.07 43.13 NOTE
r-devel-linux-x86_64-debian-gcc 0.2.0 1.96 31.40 33.36 NOTE
r-devel-linux-x86_64-fedora-clang 0.2.0 52.97 NOTE
r-devel-linux-x86_64-fedora-gcc 0.2.0 40.99 NOTE
r-devel-windows-x86_64 0.2.0 18.00 62.00 80.00 NOTE
r-patched-linux-x86_64 0.2.0 2.82 39.09 41.91 NOTE
r-release-linux-x86_64 0.2.0 2.72 38.52 41.24 NOTE
r-release-macos-arm64 0.2.0 22.00 NOTE
r-release-macos-x86_64 0.2.0 36.00 NOTE
r-release-windows-x86_64 0.2.0 15.00 64.00 79.00 NOTE
r-oldrel-macos-arm64 0.2.0 26.00 NOTE
r-oldrel-macos-x86_64 0.2.0 35.00 NOTE
r-oldrel-windows-ix86+x86_64 0.2.0 7.00 54.00 61.00 NOTE

Check Details

Version: 0.2.0
Check: LazyData
Result: NOTE
     'LazyData' is specified without a 'data' directory
Flavors: r-devel-linux-x86_64-debian-clang, r-devel-linux-x86_64-debian-gcc, r-devel-linux-x86_64-fedora-clang, r-devel-linux-x86_64-fedora-gcc, r-devel-windows-x86_64, r-patched-linux-x86_64, r-release-linux-x86_64, r-release-macos-arm64, r-release-macos-x86_64, r-release-windows-x86_64, r-oldrel-macos-arm64, r-oldrel-macos-x86_64, r-oldrel-windows-ix86+x86_64