CRAN Package Check Results for Package rando

Last updated on 2022-05-18 21:53:24 CEST.

Flavor Version Tinstall Tcheck Ttotal Status Flags
r-devel-linux-x86_64-debian-clang 0.2.0 6.11 82.63 88.74 NOTE
r-devel-linux-x86_64-debian-gcc 0.2.0 3.41 61.23 64.64 NOTE
r-devel-linux-x86_64-fedora-clang 0.2.0 103.38 NOTE
r-devel-linux-x86_64-fedora-gcc 0.2.0 99.76 NOTE
r-devel-windows-x86_64 0.2.0 21.00 109.00 130.00 NOTE
r-patched-linux-x86_64 0.2.0 6.00 76.48 82.48 NOTE
r-release-linux-x86_64 0.2.0 5.00 77.38 82.38 NOTE
r-release-macos-arm64 0.2.0 27.00 NOTE
r-release-macos-x86_64 0.2.0 60.00 NOTE
r-release-windows-x86_64 0.2.0 25.00 101.00 126.00 NOTE
r-oldrel-macos-arm64 0.2.0 32.00 NOTE
r-oldrel-macos-x86_64 0.2.0 45.00 NOTE
r-oldrel-windows-ix86+x86_64 0.2.0 12.00 100.00 112.00 NOTE

Check Details

Version: 0.2.0
Check: LazyData
Result: NOTE
     'LazyData' is specified without a 'data' directory
Flavors: r-devel-linux-x86_64-debian-clang, r-devel-linux-x86_64-debian-gcc, r-devel-linux-x86_64-fedora-clang, r-devel-linux-x86_64-fedora-gcc, r-devel-windows-x86_64, r-patched-linux-x86_64, r-release-linux-x86_64, r-release-macos-arm64, r-release-macos-x86_64, r-release-windows-x86_64, r-oldrel-macos-arm64, r-oldrel-macos-x86_64, r-oldrel-windows-ix86+x86_64