CRAN Package Check Results for Package randomizeR

Last updated on 2024-02-20 23:54:04 CET.

Flavor Version Tinstall Tcheck Ttotal Status Flags
r-devel-linux-x86_64-debian-clang 3.0.2 NOTE
r-devel-linux-x86_64-debian-gcc 3.0.2 26.88 144.13 171.01 NOTE
r-devel-linux-x86_64-fedora-clang 3.0.2 165.07 OK
r-devel-linux-x86_64-fedora-gcc 3.0.2 161.23 OK
r-devel-windows-x86_64 3.0.2 28.00 167.00 195.00 OK
r-patched-linux-x86_64 3.0.2 25.83 194.28 220.11 OK
r-release-linux-x86_64 3.0.2 23.49 189.27 212.76 OK
r-release-macos-arm64 3.0.2 78.00 OK
r-release-macos-x86_64 3.0.2 192.00 OK
r-release-windows-x86_64 3.0.2 41.00 206.00 247.00 OK
r-oldrel-macos-arm64 3.0.2 79.00 OK
r-oldrel-windows-x86_64 3.0.2 39.00 191.00 230.00 OK

Check Details

Version: 3.0.2
Check: Rd files
Result: NOTE checkRd: (-1) makeDesignMatrix.Rd:16: Lost braces; missing escapes or markup? 16 | is randomized to a certain treatment {j}, the entry of \code{(i,j)} of the | ^ Flavors: r-devel-linux-x86_64-debian-clang, r-devel-linux-x86_64-debian-gcc