CRAN Package Check Results for Package rapidjsonr

Last updated on 2022-05-16 22:52:20 CEST.

Flavor Version Tinstall Tcheck Ttotal Status Flags
r-devel-linux-x86_64-debian-clang 1.2.0 1.72 27.74 29.46 NOTE
r-devel-linux-x86_64-debian-gcc 1.2.0 1.60 22.00 23.60 NOTE
r-devel-linux-x86_64-fedora-clang 1.2.0 36.34 NOTE
r-devel-linux-x86_64-fedora-gcc 1.2.0 36.12 NOTE
r-devel-windows-x86_64 1.2.0 46.00 41.00 87.00 NOTE
r-patched-linux-x86_64 1.2.0 1.73 27.47 29.20 NOTE
r-release-linux-x86_64 1.2.0 2.09 27.47 29.56 NOTE
r-release-macos-arm64 1.2.0 14.00 NOTE
r-release-macos-x86_64 1.2.0 20.00 NOTE
r-release-windows-x86_64 1.2.0 8.00 41.00 49.00 NOTE
r-oldrel-macos-arm64 1.2.0 15.00 NOTE
r-oldrel-macos-x86_64 1.2.0 23.00 NOTE
r-oldrel-windows-ix86+x86_64 1.2.0 4.00 25.00 29.00 NOTE

Check Details

Version: 1.2.0
Check: LazyData
Result: NOTE
     'LazyData' is specified without a 'data' directory
Flavors: r-devel-linux-x86_64-debian-clang, r-devel-linux-x86_64-debian-gcc, r-devel-linux-x86_64-fedora-clang, r-devel-linux-x86_64-fedora-gcc, r-devel-windows-x86_64, r-patched-linux-x86_64, r-release-linux-x86_64, r-release-macos-arm64, r-release-macos-x86_64, r-release-windows-x86_64, r-oldrel-macos-arm64, r-oldrel-macos-x86_64, r-oldrel-windows-ix86+x86_64