CRAN Package Check Results for Package rasterDT

Last updated on 2022-01-17 22:54:48 CET.

Flavor Version Tinstall Tcheck Ttotal Status Flags
r-devel-linux-x86_64-debian-clang 0.3.1 28.35 255.88 284.23 NOTE
r-devel-linux-x86_64-debian-gcc 0.3.1 23.71 191.11 214.82 NOTE
r-devel-linux-x86_64-fedora-clang 0.3.1 340.61 NOTE
r-devel-linux-x86_64-fedora-gcc 0.3.1 323.50 NOTE
r-devel-windows-x86_64-new-UL 0.3.1 43.00 241.00 284.00 NOTE
r-devel-windows-x86_64-new-TK 0.3.1 NOTE
r-patched-linux-x86_64 0.3.1 26.70 236.76 263.46 NOTE
r-release-linux-x86_64 0.3.1 NOTE
r-release-macos-arm64 0.3.1 NOTE
r-release-macos-x86_64 0.3.1 NOTE
r-release-windows-ix86+x86_64 0.3.1 59.00 258.00 317.00 NOTE
r-oldrel-macos-x86_64 0.3.1 OK
r-oldrel-windows-ix86+x86_64 0.3.1 63.00 265.00 328.00 OK

Check Details

Version: 0.3.1
Check: LazyData
Result: NOTE
     'LazyData' is specified without a 'data' directory
Flavors: r-devel-linux-x86_64-debian-clang, r-devel-linux-x86_64-debian-gcc, r-devel-linux-x86_64-fedora-clang, r-devel-linux-x86_64-fedora-gcc, r-devel-windows-x86_64-new-UL, r-devel-windows-x86_64-new-TK, r-patched-linux-x86_64, r-release-linux-x86_64, r-release-macos-arm64, r-release-macos-x86_64, r-release-windows-ix86+x86_64