CRAN Package Check Results for Package rasterdiv

Last updated on 2021-12-07 22:59:40 CET.

Flavor Version Tinstall Tcheck Ttotal Status Flags
r-devel-linux-x86_64-debian-clang 0.2-3 29.05 633.29 662.34 OK
r-devel-linux-x86_64-debian-gcc 0.2-3 22.77 450.07 472.84 OK
r-devel-linux-x86_64-fedora-clang 0.2-3 790.55 OK
r-devel-linux-x86_64-fedora-gcc 0.2-3 800.48 OK
r-devel-windows-x86_64-new-UL 0.2-3 47.00 669.00 716.00 OK
r-devel-windows-x86_64-new-TK 0.2-3 OK
r-devel-windows-x86_64-old 0.2-3 45.00 629.00 674.00 OK
r-patched-linux-x86_64 0.2-3 28.98 626.65 655.63 OK
r-release-linux-x86_64 0.2-3 27.45 615.66 643.11 OK
r-release-macos-arm64 0.2-3 NOTE
r-release-macos-x86_64 0.2-3 OK
r-release-windows-ix86+x86_64 0.2-3 50.00 760.00 810.00 OK
r-oldrel-macos-x86_64 0.2-3 OK
r-oldrel-windows-ix86+x86_64 0.2-3 67.00 796.00 863.00 OK

Check Details

Version: 0.2-3
Check: installed package size
Result: NOTE
     installed size is 5.1Mb
     sub-directories of 1Mb or more:
     data 4.1Mb
Flavor: r-release-macos-arm64