Last updated on 2022-05-15 22:51:45 CEST.
Flavor | Version | Tinstall | Tcheck | Ttotal | Status | Flags |
---|---|---|---|---|---|---|
r-devel-linux-x86_64-debian-clang | 0.1.0 | 5.16 | 56.55 | 61.71 | NOTE | |
r-devel-linux-x86_64-debian-gcc | 0.1.0 | 3.91 | 42.73 | 46.64 | NOTE | |
r-devel-linux-x86_64-fedora-clang | 0.1.0 | 74.69 | NOTE | |||
r-devel-linux-x86_64-fedora-gcc | 0.1.0 | 70.43 | NOTE | |||
r-devel-windows-x86_64 | 0.1.0 | 23.00 | 72.00 | 95.00 | NOTE | |
r-patched-linux-x86_64 | 0.1.0 | 3.91 | 53.10 | 57.01 | NOTE | |
r-release-linux-x86_64 | 0.1.0 | 4.53 | 53.65 | 58.18 | NOTE | |
r-release-macos-arm64 | 0.1.0 | 21.00 | NOTE | |||
r-release-macos-x86_64 | 0.1.0 | 54.00 | NOTE | |||
r-release-windows-x86_64 | 0.1.0 | 19.00 | 68.00 | 87.00 | NOTE | |
r-oldrel-macos-arm64 | 0.1.0 | 24.00 | NOTE | |||
r-oldrel-macos-x86_64 | 0.1.0 | 32.00 | NOTE | |||
r-oldrel-windows-ix86+x86_64 | 0.1.0 | 14.00 | 65.00 | 79.00 | NOTE |
Version: 0.1.0
Check: LazyData
Result: NOTE
'LazyData' is specified without a 'data' directory
Flavors: r-devel-linux-x86_64-debian-clang, r-devel-linux-x86_64-debian-gcc, r-devel-linux-x86_64-fedora-clang, r-devel-linux-x86_64-fedora-gcc, r-devel-windows-x86_64, r-patched-linux-x86_64, r-release-linux-x86_64, r-release-macos-arm64, r-release-macos-x86_64, r-release-windows-x86_64, r-oldrel-macos-arm64, r-oldrel-macos-x86_64, r-oldrel-windows-ix86+x86_64
Version: 0.1.0
Check: dependencies in R code
Result: NOTE
Namespace in Imports field not imported from: ‘tidyr’
All declared Imports should be used.
Flavors: r-devel-linux-x86_64-fedora-clang, r-devel-linux-x86_64-fedora-gcc, r-release-macos-arm64, r-release-macos-x86_64, r-oldrel-macos-arm64, r-oldrel-macos-x86_64