CRAN Package Check Results for Package rbtc

Last updated on 2023-05-29 23:03:54 CEST.

Flavor Version Tinstall Tcheck Ttotal Status Flags
r-devel-linux-x86_64-debian-clang 0.1-6 5.38 44.43 49.81 NOTE
r-devel-linux-x86_64-debian-gcc 0.1-6 5.17 34.60 39.77 NOTE
r-devel-linux-x86_64-fedora-clang 0.1-6 65.38 NOTE
r-devel-linux-x86_64-fedora-gcc 0.1-6 60.55 NOTE
r-devel-windows-x86_64 0.1-6 7.00 67.00 74.00 NOTE
r-patched-linux-x86_64 0.1-6 8.89 43.54 52.43 NOTE
r-release-linux-x86_64 0.1-6 4.91 43.44 48.35 NOTE
r-release-macos-arm64 0.1-6 24.00 NOTE
r-release-macos-x86_64 0.1-6 35.00 NOTE
r-release-windows-x86_64 0.1-6 9.00 72.00 81.00 NOTE
r-oldrel-macos-arm64 0.1-6 21.00 NOTE
r-oldrel-macos-x86_64 0.1-6 31.00 NOTE
r-oldrel-windows-x86_64 0.1-6 11.00 63.00 74.00 NOTE

Check Details

Version: 0.1-6
Check: LazyData
Result: NOTE
     'LazyData' is specified without a 'data' directory
Flavors: r-devel-linux-x86_64-debian-clang, r-devel-linux-x86_64-debian-gcc, r-devel-linux-x86_64-fedora-clang, r-devel-linux-x86_64-fedora-gcc, r-devel-windows-x86_64, r-patched-linux-x86_64, r-release-linux-x86_64, r-release-macos-arm64, r-release-macos-x86_64, r-release-windows-x86_64, r-oldrel-macos-arm64, r-oldrel-macos-x86_64, r-oldrel-windows-x86_64