CRAN Package Check Results for Package rbtc

Last updated on 2022-05-18 21:53:24 CEST.

Flavor Version Tinstall Tcheck Ttotal Status Flags
r-devel-linux-x86_64-debian-clang 0.1-6 4.80 48.76 53.56 NOTE
r-devel-linux-x86_64-debian-gcc 0.1-6 4.06 37.66 41.72 NOTE
r-devel-linux-x86_64-fedora-clang 0.1-6 68.32 NOTE
r-devel-linux-x86_64-fedora-gcc 0.1-6 68.64 NOTE
r-devel-windows-x86_64 0.1-6 47.00 73.00 120.00 NOTE
r-patched-linux-x86_64 0.1-6 6.79 46.87 53.66 NOTE
r-release-linux-x86_64 0.1-6 6.75 46.36 53.11 NOTE
r-release-macos-arm64 0.1-6 21.00 NOTE
r-release-macos-x86_64 0.1-6 31.00 NOTE
r-release-windows-x86_64 0.1-6 48.00 72.00 120.00 NOTE
r-oldrel-macos-arm64 0.1-6 27.00 NOTE
r-oldrel-macos-x86_64 0.1-6 39.00 NOTE
r-oldrel-windows-ix86+x86_64 0.1-6 16.00 65.00 81.00 NOTE

Check Details

Version: 0.1-6
Check: LazyData
Result: NOTE
     'LazyData' is specified without a 'data' directory
Flavors: r-devel-linux-x86_64-debian-clang, r-devel-linux-x86_64-debian-gcc, r-devel-linux-x86_64-fedora-clang, r-devel-linux-x86_64-fedora-gcc, r-devel-windows-x86_64, r-patched-linux-x86_64, r-release-linux-x86_64, r-release-macos-arm64, r-release-macos-x86_64, r-release-windows-x86_64, r-oldrel-macos-arm64, r-oldrel-macos-x86_64, r-oldrel-windows-ix86+x86_64